{"id":1549,"date":"2025-03-22T10:07:58","date_gmt":"2025-03-22T03:07:58","guid":{"rendered":"https:\/\/maylanhlamhoanglong.com\/?post_type=product&#038;p=1549"},"modified":"2025-03-22T10:07:59","modified_gmt":"2025-03-22T03:07:59","slug":"may-lanh-treo-tuong-sumikura-aps-apo-180-2-0-hp-2-0-ngua-gold-inverter","status":"publish","type":"product","link":"https:\/\/maylanhlamhoanglong.com\/?product=may-lanh-treo-tuong-sumikura-aps-apo-180-2-0-hp-2-0-ngua-gold-inverter","title":{"rendered":"M\u00e1y l\u1ea1nh treo t\u01b0\u1eddng Sumikura APS\/APO-180 (2.0 HP &#8211; 2.0 Ng\u1ef1a) GOLD &#8211; Inverter"},"content":{"rendered":"<p><strong>M\u00e1y l\u1ea1nh treo t\u01b0\u1eddng Sumikura APS\/APO-180 GOLD (2.0 HP &#8211; 2.0 Ng\u1ef1a) Inverter\u00a0<\/strong>\u0111\u01b0\u1ee3c trang b\u1ecb\u00a0<strong>c\u00f4ng ngh\u1ec7 inverter\u00a0<\/strong>gi\u00fap m\u00e1y:<\/p>\n<ul>\n<li>V\u1eadn h\u00e0nh \u00eam \u00e1i.<\/li>\n<li><strong>Gi\u1ea3m \u0111\u1ebfn 69% n\u0103ng l\u01b0\u1ee3ng ti\u00eau th\u1ee5<\/strong>.<\/li>\n<li>Kh\u1ea3 n\u0103ng\u00a0<strong>gi\u1eef h\u01a1i l\u1ea1nh s\u00e2u.<\/strong><\/li>\n<\/ul>\n<p><strong><a class=\"img-popup\" title=\"\" href=\"https:\/\/sieuthimaylanh.com\/uploads\/product\/11_2022\/inverter-may-lanh-sumikura-inverter-1-0hp-aps-apo-092-gold-model-2022.webp\" rel=\"gallery\"><img decoding=\"async\" src=\"https:\/\/sieuthimaylanh.com\/uploads\/product\/11_2022\/inverter-may-lanh-sumikura-inverter-1-0hp-aps-apo-092-gold-model-2022.webp\" alt=\"\" \/><\/a><\/strong><\/p>\n<h2 id=\"C\u00f4ng_ngh\u1ec7_S-Smart\">C\u00f4ng ngh\u1ec7 S-Smart<\/h2>\n<p>V\u1edbi\u00a0<strong>c\u00f4ng ngh\u1ec7 S-Smart<\/strong>, ng\u01b0\u1eddi d\u00f9ng c\u00f3 th\u1ec3 an t\u00e2m t\u1eadn h\u01b0\u1edfng<strong>\u00a0c\u1ea3m gi\u00e1c m\u00e1t d\u1ecbu s\u1ea3ng kho\u00e1i su\u1ed1t 24 gi\u1edd<\/strong>\u00a0b\u00ean nh\u1eefng ng\u01b0\u1eddi th\u00e2n y\u00eau t\u1eeb\u00a0<strong>m\u00e1y l\u1ea1nh Sumikura APS\/APO-180.<\/strong><\/p>\n<p>Khi c\u00f4ng ngh\u1ec7 n\u00e0y \u0111\u01b0\u1ee3c k\u00edch ho\u1ea1t, m\u00e1y l\u1ea1nh<b>\u00a0<\/b>s\u1ebd li\u00ean t\u1ee5c<strong>\u00a0c\u1eadp nh\u1eadt \u0111i\u1ec1u ki\u1ec7n m\u00f4i tr\u01b0\u1eddng th\u1ef1c t\u1ebf \u0111\u1ec3 \u0111i\u1ec1u ch\u1ec9nh nhi\u1ec7t \u0111\u1ed9\u00a0<\/strong>v\u00e0\u00a0<strong>c\u01b0\u1eddng \u0111\u1ed9 qu\u1ea1t<\/strong>. Nh\u1edd \u0111\u00f3, c\u0103n ph\u00f2ng \u0111\u01b0\u1ee3c gi\u1eef nhi\u1ec7t \u0111\u1ed9 \u1ed5n \u0111\u1ecbnh, t\u1ea1o ra lu\u1ed3ng gi\u00f3 l\u00fd t\u01b0\u1edfng nh\u1ea5t cho ng\u01b0\u1eddi s\u1eed d\u1ee5ng.<\/p>\n<p><a class=\"img-popup\" title=\"\" href=\"https:\/\/sieuthimaylanh.com\/uploads\/product\/11_2022\/cam-bien-nhiet-may-lanh-sumikura-inverter-1-0hp-aps-apo-092-gold-model-2022.webp\" rel=\"gallery\"><img decoding=\"async\" src=\"https:\/\/sieuthimaylanh.com\/uploads\/product\/11_2022\/cam-bien-nhiet-may-lanh-sumikura-inverter-1-0hp-aps-apo-092-gold-model-2022.webp\" alt=\"\" \/><\/a><\/p>\n<h2 id=\"Ch\u1ebf_\u0111\u1ed9_Sleep_Care+\">Ch\u1ebf \u0111\u1ed9 Sleep Care+<\/h2>\n<p><strong>M\u00e1y l\u1ea1nh Sumikura APS\/APO-180<\/strong>\u00a0kh\u00f4ng ch\u1ec9 c\u00f3 m\u1ed9t, m\u00e0 \u0111\u1ebfn<strong>\u00a0b\u1ed1n ch\u01b0\u01a1ng tr\u00ecnh nhi\u1ec7t \u0111\u1ed9 ban \u0111\u00eam<\/strong>\u00a0ph\u00f9 h\u1ee3p v\u1edbi<strong>\u00a04 nh\u00f3m tu\u1ed5i ng\u01b0\u1eddi d\u00f9ng<\/strong>.\u00a0<strong>M\u1ed7i ch\u01b0\u01a1ng tr\u00ecnh\u00a0<\/strong>\u0111\u01b0\u1ee3c thi\u1ebft k\u1ebf m\u1eb7c \u0111\u1ecbnh\u00a0<strong>k\u00e9o d\u00e0i 8 ti\u1ebfng<\/strong>, v\u00e0\u00a0<strong>t\u1ef1 \u0111\u1ed9ng t\u0103ng\/gi\u1ea3m kho\u1ea3ng nhi\u1ec7t ph\u00f9 h\u1ee3p sau m\u1ed7i 1 gi\u1edd<\/strong>. Ng\u01b0\u1eddi d\u00f9ng c\u00f3 th\u1ec3 d\u1ec5 d\u00e0ng ch\u1ecdn \u0111\u01b0\u1eddng cong nhi\u1ec7t ph\u00f9 h\u1ee3p b\u1eb1ng\u00a0<strong>c\u00e1ch b\u1ea5m n\u00fat SLEEP<\/strong>\u00a0tr\u00ean \u0111i\u1ec1u khi\u1ec3n \u0111\u1ec3 l\u1ea7n l\u01b0\u1ee3t chuy\u1ec3n c\u00e1c ch\u1ebf \u0111\u1ed9:<\/p>\n<ul>\n<li>Adult Sleep (Ng\u01b0\u1eddi l\u1edbn tu\u1ed5i).<\/li>\n<li>Elderly Sleep (Ng\u01b0\u1eddi tr\u01b0\u1edfng th\u00e0nh).<\/li>\n<li>Youth Sleep (Thanh thi\u1ebfu ni\u00ean).<\/li>\n<li>Children Sleep (Tr\u1ebb em).<\/li>\n<\/ul>\n<p><a class=\"img-popup\" title=\"\" href=\"https:\/\/sieuthimaylanh.com\/uploads\/product\/11_2022\/che-do-ngu-may-lanh-sumikura-inverter-1-0hp-aps-apo-092-gold-model-2022.webp\" rel=\"gallery\"><img decoding=\"async\" src=\"https:\/\/sieuthimaylanh.com\/uploads\/product\/11_2022\/che-do-ngu-may-lanh-sumikura-inverter-1-0hp-aps-apo-092-gold-model-2022.webp\" alt=\"\" \/><\/a><\/p>\n<h2 id=\"Nh\u1eefng_\u01b0u_\u0111i\u1ec3m_n\u1ed5i_b\u1eadt_kh\u00e1c\">Nh\u1eefng \u01b0u \u0111i\u1ec3m n\u1ed5i b\u1eadt kh\u00e1c<\/h2>\n<ul>\n<li>S\u1edf h\u1eefu thi\u1ebft k\u1ebf sang tr\u1ecdng, \u0111i k\u00e8m v\u1edbi s\u1eafc m\u00e0u tr\u1eafng tinh t\u1ebf ph\u00f9 h\u1ee3p v\u1edbi nhi\u1ec1u phong c\u00e1ch n\u1ed9i th\u1ea5t kh\u00e1c nhau.<\/li>\n<li>D\u00e0n l\u1ea1nh c\u00f2n t\u00edch h\u1ee3p<strong>\u00a0\u0111\u00e8n LED hi\u1ec3u th\u1ecb nhi\u1ec7t \u0111\u1ed9<\/strong>, gi\u00fap ng\u01b0\u1eddi d\u00f9ng d\u1ec5 d\u00e0ng quan s\u00e1t nhi\u1ec7t \u0111\u1ed9 k\u1ec3 c\u1ea3 v\u00e0o ban \u0111\u00eam.<\/li>\n<li><strong>C\u00f4ng su\u1ea5t l\u00e0m l\u1ea1nh 2.0Hp,\u00a0<\/strong>l\u00e0m l\u1ea1nh hi\u1ec7u qu\u1ea3 trong<strong>\u00a0ph\u1ea1m vi 24 &#8211; 30<\/strong><strong>\u00a0m2<\/strong>\u00a0ph\u00f9 h\u1ee3p v\u1edbi nh\u1eefng kh\u00f4ng gian nh\u1ecf, h\u1eb9p nh\u01b0 ph\u00f2ng ng\u1ee7, ph\u00f2ng \u0111\u1ecdc s\u00e1ch, ph\u00f2ng l\u00e0m vi\u1ec7c,&#8230;<\/li>\n<li><strong>Ch\u1ebf \u0111\u1ed9 Super\u00a0<\/strong>ho\u1ea1t \u0111\u1ed9ng v\u1edbi c\u00f4ng su\u1ea5t t\u1ed1i \u0111a\u00a0<strong>l\u00e0m l\u1ea1nh c\u1ea5p t\u1ed1c trong 30 gi\u00e2y<\/strong>\u00a0l\u1eadp t\u1ee9c xua tan kh\u00ed n\u00f3ng, nhi\u1ec7t \u0111\u1ed9 ph\u00f2ng \u0111\u01b0\u1ee3c ki\u1ec3m so\u00e1t nhanh ch\u00f3ng h\u01a1n.<\/li>\n<li><strong>B\u1ed9 l\u1ecdc carbon ho\u1ea1t t\u00ednh\u00a0<\/strong>c\u00f3 kh\u1ea3 n\u0103ng kh\u1eed m\u00f9i kh\u00f3 ch\u1ecbu trong kh\u00f4ng kh\u00ed mang l\u1ea1i c\u1ea3m gi\u00e1c kh\u00f4ng kh\u00ed trong l\u00e0nh.<\/li>\n<li>S\u1eed d\u1ee5ng\u00a0<strong>gas R32\u00a0<\/strong>r\u1ea5t th\u00e2n thi\u1ec7n v\u1edbi m\u00f4i tr\u01b0\u1eddng, \u0111em \u0111\u1ebfn hi\u1ec7u su\u1ea5t l\u00e0m l\u1ea1nh cao h\u01a1n kho\u1ea3ng 1.6 l\u1ea7n so v\u1edbi gas R410A, g\u1ea5p 6.1 l\u1ea7n so v\u1edbi gas R22, \u0111\u1ed3ng ngh\u0129a v\u1edbi vi\u1ec7c ti\u1ebft ki\u1ec7m \u0111i\u1ec7n n\u0103ng m\u1ed9t c\u00e1ch \u0111\u00e1ng k\u1ec3.<\/li>\n<\/ul>\n<p><a class=\"img-popup\" title=\"\" href=\"https:\/\/sieuthimaylanh.com\/uploads\/product\/11_2022\/uu-diem-may-lanh-sumikura-inverter-1-0hp-aps-apo-092-gold-model-2022.webp\" rel=\"gallery\"><img decoding=\"async\" src=\"https:\/\/sieuthimaylanh.com\/uploads\/product\/11_2022\/uu-diem-may-lanh-sumikura-inverter-1-0hp-aps-apo-092-gold-model-2022.webp\" alt=\"\" \/><\/a><\/p>\n","protected":false},"excerpt":{"rendered":"<table class=\"table-digitals\">\n<tbody>\n<tr class=\"row-title\">\n<td colspan=\"2\"><strong class=\"row0\">Th\u00f4ng s\u1ed1 k\u1ef9 thu\u1eadt<\/strong><\/td>\n<\/tr>\n<tr class=\"row-item\">\n<td class=\"row0\">Xu\u1ea5t x\u1ee9<\/td>\n<td class=\"row1\">Th\u01b0\u01a1ng hi\u1ec7u: Vi\u1ec7t Nam &#8211; S\u1ea3n su\u1ea5t t\u1ea1i: Malaysia<\/td>\n<\/tr>\n<tr class=\"row-item\">\n<td class=\"row0\">Lo\u1ea1i Gas l\u1ea1nh<\/td>\n<td class=\"row1\">R32<\/td>\n<\/tr>\n<tr class=\"row-item\">\n<td class=\"row0\">Lo\u1ea1i m\u00e1y<\/td>\n<td class=\"row1\">Inverter &#8211; Lo\u1ea1i 1 chi\u1ec1u (ch\u1ec9 l\u00e0m l\u1ea1nh)<\/td>\n<\/tr>\n<tr class=\"row-item\">\n<td class=\"row0\">C\u00f4ng su\u1ea5t l\u00e0m l\u1ea1nh<\/td>\n<td class=\"row1\">2.0 HP (2.0 Ng\u1ef1a) &#8211; 18.000 Btu\/h<\/td>\n<\/tr>\n<tr class=\"row-item\">\n<td class=\"row0\">S\u1eed d\u1ee5ng cho ph\u00f2ng<\/td>\n<td class=\"row1\">Di\u1ec7n t\u00edch 24 &#8211; 30 m\u00b2 ho\u1eb7c 72 &#8211; 90 m\u00b3 kh\u00ed (th\u00edch h\u1ee3p cho ph\u00f2ng kh\u00e1ch, v\u0103n ph\u00f2ng)<\/td>\n<\/tr>\n<tr class=\"row-item\">\n<td class=\"row0\">Ngu\u1ed3n \u0111i\u1ec7n (Ph\/V\/Hz)<\/td>\n<td class=\"row1\">1 Pha, 220 &#8211; 240V, 50Hz<\/td>\n<\/tr>\n<tr class=\"row-item\">\n<td class=\"row0\">C\u00f4ng su\u1ea5t ti\u00eau th\u1ee5 \u0111i\u1ec7n<\/td>\n<td class=\"row1\">1.8 kW<\/td>\n<\/tr>\n<tr class=\"row-item\">\n<td class=\"row0\">K\u00edch th\u01b0\u1edbc \u1ed1ng \u0111\u1ed3ng Gas (mm)<\/td>\n<td class=\"row1\">6\/12<\/td>\n<\/tr>\n<tr class=\"row-item\">\n<td class=\"row0\">Chi\u1ec1u d\u00e0i \u1ed1ng gas t\u1ed1i \u0111a (m)<\/td>\n<td class=\"row1\">25 m<\/td>\n<\/tr>\n<tr class=\"row-item\">\n<td class=\"row0\">Ch\u00eanh l\u1ec7ch \u0111\u1ed9 cao (t\u1ed1i \u0111a) (m)<\/td>\n<td class=\"row1\">10 m<\/td>\n<\/tr>\n<tr class=\"row-item\">\n<td class=\"row0\">Hi\u1ec7u su\u1ea5t n\u0103ng l\u01b0\u1ee3ng CSPF<\/td>\n<td class=\"row1\">4.57<\/td>\n<\/tr>\n<tr class=\"row-item\">\n<td class=\"row0\">Nh\u00e3n n\u0103ng l\u01b0\u1ee3ng ti\u1ebft ki\u1ec7m \u0111i\u1ec7n<\/td>\n<td class=\"row1\">5 sao<\/td>\n<\/tr>\n<tr class=\"row-title\">\n<td colspan=\"2\"><strong class=\"row0\">D\u00e0n L\u1ea1nh<\/strong><\/td>\n<\/tr>\n<tr class=\"row-item\">\n<td class=\"row0\">Model d\u00e0n l\u1ea1nh<\/td>\n<td class=\"row1\">APS-180<\/td>\n<\/tr>\n<tr class=\"row-item\">\n<td class=\"row0\">K\u00edch th\u01b0\u1edbc d\u00e0n l\u1ea1nh (mm)<\/td>\n<td class=\"row1\">30 x 94.3 x 24.5 cm<\/td>\n<\/tr>\n<tr class=\"row-item\">\n<td class=\"row0\">Tr\u1ecdng l\u01b0\u1ee3ng d\u00e0n l\u1ea1nh (Kg)<\/td>\n<td class=\"row1\">10 Kg<\/td>\n<\/tr>\n<tr class=\"row-title\">\n<td colspan=\"2\"><strong class=\"row0\">D\u00e0n N\u00f3ng<\/strong><\/td>\n<\/tr>\n<tr class=\"row-item\">\n<td class=\"row0\">Model d\u00e0n n\u00f3ng<\/td>\n<td class=\"row1\">APO-180<\/td>\n<\/tr>\n<tr class=\"row-item\">\n<td class=\"row0\">K\u00edch th\u01b0\u1edbc d\u00e0n n\u00f3ng (mm)<\/td>\n<td class=\"row1\">54 x 71.5 x 24 cm<\/td>\n<\/tr>\n<tr class=\"row-item\">\n<td class=\"row0\">Tr\u1ecdng l\u01b0\u1ee3ng d\u00e0n n\u00f3ng (Kg)<\/td>\n<td class=\"row1\">25 Kg<\/td>\n<\/tr>\n<\/tbody>\n<\/table>\n","protected":false},"featured_media":1550,"comment_status":"open","ping_status":"closed","template":"","meta":{"wprm-recipe-roundup-name":"","wprm-recipe-roundup-description":""},"product_brand":[],"product_cat":[115],"product_tag":[166],"class_list":{"0":"post-1549","1":"product","2":"type-product","3":"status-publish","4":"has-post-thumbnail","6":"thuong-hieu-sk-sumikura","7":"product_cat-may-lanh-treo-tuong","8":"product_tag-bao-hanh-12-thang","9":"pa_cong-nghe-inverter","10":"pa_cong-suat-lam-lanh-2-0-hp","12":"first","13":"instock","14":"sale","15":"taxable","16":"shipping-taxable","17":"purchasable","18":"product-type-simple"},"_links":{"self":[{"href":"https:\/\/maylanhlamhoanglong.com\/index.php?rest_route=\/wp\/v2\/product\/1549","targetHints":{"allow":["GET"]}}],"collection":[{"href":"https:\/\/maylanhlamhoanglong.com\/index.php?rest_route=\/wp\/v2\/product"}],"about":[{"href":"https:\/\/maylanhlamhoanglong.com\/index.php?rest_route=\/wp\/v2\/types\/product"}],"replies":[{"embeddable":true,"href":"https:\/\/maylanhlamhoanglong.com\/index.php?rest_route=%2Fwp%2Fv2%2Fcomments&post=1549"}],"wp:featuredmedia":[{"embeddable":true,"href":"https:\/\/maylanhlamhoanglong.com\/index.php?rest_route=\/wp\/v2\/media\/1550"}],"wp:attachment":[{"href":"https:\/\/maylanhlamhoanglong.com\/index.php?rest_route=%2Fwp%2Fv2%2Fmedia&parent=1549"}],"wp:term":[{"taxonomy":"product_brand","embeddable":true,"href":"https:\/\/maylanhlamhoanglong.com\/index.php?rest_route=%2Fwp%2Fv2%2Fproduct_brand&post=1549"},{"taxonomy":"product_cat","embeddable":true,"href":"https:\/\/maylanhlamhoanglong.com\/index.php?rest_route=%2Fwp%2Fv2%2Fproduct_cat&post=1549"},{"taxonomy":"product_tag","embeddable":true,"href":"https:\/\/maylanhlamhoanglong.com\/index.php?rest_route=%2Fwp%2Fv2%2Fproduct_tag&post=1549"}],"curies":[{"name":"wp","href":"https:\/\/api.w.org\/{rel}","templated":true}]}}