{"id":1414,"date":"2025-03-14T10:16:02","date_gmt":"2025-03-14T03:16:02","guid":{"rendered":"https:\/\/maylanhlamhoanglong.com\/?post_type=product&#038;p=1414"},"modified":"2025-03-14T10:16:02","modified_gmt":"2025-03-14T03:16:02","slug":"may-lanh-treo-tuong-casper-gc-24is35-2-5-hp-2-5-ngua-inverter","status":"publish","type":"product","link":"https:\/\/maylanhlamhoanglong.com\/?product=may-lanh-treo-tuong-casper-gc-24is35-2-5-hp-2-5-ngua-inverter","title":{"rendered":"M\u00e1y l\u1ea1nh treo t\u01b0\u1eddng Casper GC-24IS35 (2.5 HP &#8211; 2.5 Ng\u1ef1a) Inverter"},"content":{"rendered":"<h2 id=\"_M\u00e1y_l\u1ea1nh_Casper_Inverter_2.5_HP_(2.5_Ng\u1ef1a)_GC-24IS35_d\u00f9ng_c\u00f4ng_ngh\u1ec7_inverter_th\u1ebf_h\u1ec7_m\u1edbi:\">M\u00e1y l\u1ea1nh Casper Inverter 2.5 HP (2.5 Ng\u1ef1a) GC-24IS35 d\u00f9ng c\u00f4ng ngh\u1ec7 inverter th\u1ebf h\u1ec7 m\u1edbi:<\/h2>\n<p>M\u00e1y l\u1ea1nh casper GC-24IS35 t\u00edch h\u1ee3p c\u00f4ng ngh\u1ec7 inverter th\u1ebf h\u1ec7 m\u1edbi c\u1ee7a m\u00e1y &#8211; C\u00f4ng ngh\u1ec7 i-Saving c\u00f3 th\u1ec3 ti\u1ebft ki\u1ec7m ti\u1ec1n \u0111i\u1ec7n cho qu\u00fd kh\u00e1ch h\u00e0ng m\u1ed9t c\u00e1ch t\u1ed1i \u01b0u nh\u1ea5t. Nhi\u1ec7t \u0111\u1ed9 \u0111\u01b0\u1ee3c gi\u1ea3m theo bi\u1ec3u \u0111\u1ed3 h\u00ecnh sin m\u1ed9t c\u00e1ch ch\u00ednh x\u00e1c \u0111\u1ebfn nhi\u1ec7t \u0111\u1ed9 c\u00e0i \u0111\u1eb7t, k\u1ebft h\u1ee3p v\u1edbi c\u00f4ng ngh\u1ec7 c\u1ea3m bi\u1ebfn nhi\u1ec7t \u0111\u1ed9 I-FEEL c\u1ea3m bi\u1ebfn nhi\u1ec7t \u0111\u1ed9 t\u1ea1i khu v\u1ef1c \u0111\u1eb7t remote nh\u1eb1m ti\u1ebft ki\u1ec7m \u0111i\u1ec7n t\u1ed1i \u0111a, \u0111\u1ed3ng th\u1eddi duy tr\u00ec nhi\u1ec7t \u0111\u1ed9 ph\u00f9 h\u1ee3p nh\u1ea5t theo \u00fd b\u1ea1n.<\/p>\n<div class=\"embed-video embed-responsive embed-responsive-16by9\"><video src=\"https:\/\/sieuthimaylanh.com\/uploads\/product\/07_2023\/may_lanh_casper_tiet_kiem_dien.mp4\" preload=\"metadata\" controls=\"controls\" width=\"1280\" height=\"720\" data-mce-fragment=\"1\"><\/video><\/div>\n<p>&nbsp;<\/p>\n<h2 id=\"_M\u00e1y_l\u1ea1nh_Casper_Inverter_2.5_Ng\u1ef1a_GC-24IS35_model_2023_t\u00edch_h\u1ee3p_ch\u1ebf_\u0111\u1ed9_l\u00e0m_l\u1ea1nh_nhanh_Turbo_th\u1ebf_h\u1ec7_m\u1edbi:\">M\u00e1y l\u1ea1nh Casper Inverter 2.5 Ng\u1ef1a GC-24IS35 model 2023 t\u00edch h\u1ee3p ch\u1ebf \u0111\u1ed9 l\u00e0m l\u1ea1nh nhanh Turbo th\u1ebf h\u1ec7 m\u1edbi:<\/h2>\n<p>Khi ng\u01b0\u1eddi d\u00f9ng b\u1ea5m n\u00fat kh\u1edfi \u0111\u1ed9ng ch\u1ebf \u0111\u1ed9 Turbo ( b\u1ea5m n\u00fat speed nhi\u1ec1u l\u1ea7n cho \u0111\u1ebfn khi m\u00e1y hi\u1ec7n ch\u1eed Turbo &#8211; ch\u1ec9nh gi\u00f3 tr\u00ean remote). M\u00e1y s\u1ebd k\u1ebft h\u1ee3p c\u00f4ng su\u1ea5t l\u00e0m l\u1ea1nh 2.5 ng\u1ef1a, v\u1edbi t\u1ed1c \u0111\u1ed9 gi\u00f3 cao nh\u1ea5t, gi\u00fap b\u1ea1n c\u1ea3m nh\u1eadn \u0111\u01b0\u1ee3c l\u00e0n gi\u00f3 m\u00e1t l\u1ea1nh th\u1eadt nhanh ch\u00f3ng ch\u1ec9 sau 30s kh\u1edfi \u0111\u1ed9ng m\u00e1y.<\/p>\n<p><a class=\"img-popup\" title=\"\" href=\"https:\/\/sieuthimaylanh.com\/uploads\/product\/07_2023\/turbo_lam_lanh_nhanh_may_lanh_casper_model_2023.jpg\" rel=\"gallery\"><img decoding=\"async\" src=\"https:\/\/sieuthimaylanh.com\/uploads\/product\/07_2023\/turbo_lam_lanh_nhanh_may_lanh_casper_model_2023.jpg\" alt=\"\" \/><\/a><\/p>\n<h2 id=\"T\u1ef1_L\u00e0m_S\u1ea1ch_IClean_\u1edf_d\u00f2ng_m\u00e1y_l\u1ea1nh_Casper_Inverter_2.5_Ng\u1ef1a_GC-24IS35.\">T\u1ef1 L\u00e0m S\u1ea1ch IClean \u1edf d\u00f2ng m\u00e1y l\u1ea1nh Casper Inverter 2.5 Ng\u1ef1a GC-24IS35.<\/h2>\n<p>Khi ch\u1ecdn ch\u1ee9c n\u0103ng iClean b\u1eb1ng c\u00e1ch b\u1ea5m ph\u00edm menu v\u00e0 d\u00f9ng ph\u00edm m\u0169i t\u00ean l\u00ean xu\u1ed1ng tr\u00ean remote \u0111\u1ec3 di chuy\u1ec5n \u0111\u1ebfn ch\u1ebf \u0111\u1ed9 IClean, m\u00e1y s\u1ebd t\u1ef1 \u0111\u1ed9ng k\u00edch ho\u1ea1t ch\u1ebf \u0111\u1ed9 t\u1ef1 l\u00e0m s\u1ea1ch, quy tr\u00ecnh l\u00e0m s\u1ea1ch s\u1ebd tr\u1ea3i qua 20 ph\u00fat v\u1edbi 5 b\u01b0\u1edbc nh\u01b0 sau:<br \/>\n1. \u0110\u00f3ng b\u0103ng d\u00e0n t\u1ea3n nhi\u1ec7t<br \/>\n2. R\u00e3 b\u0103ng<br \/>\n3. Cu\u1ed1n tr\u00f4i<br \/>\n4. L\u00e0m n\u00f3ng s\u1ea5y kh\u00f4<br \/>\n5. Qu\u1ea1t t\u1ef1 \u0111\u1ed9ng kh\u00f4 h\u01a1i \u1ea9m<br \/>\ngi\u00fap ng\u0103n ng\u1eeba s\u1ef1 h\u00ecnh th\u00e0nh vi khu\u1ea9n, n\u1ea5m m\u1ed1c trong d\u00e0n l\u1ea1nh, mang \u0111\u1ebfn kh\u00f4ng gian s\u1ed1ng trong l\u00e0nh h\u01a1n.<br \/>\n\u0110\u1ed1i v\u1edbi m\u00e1y l\u1ea1nh ho\u1ea1t \u0111\u1ed9ng \u1edf khu v\u1ef1c \u00edt b\u1ee5i b\u1ea9n th\u00ec c\u00e1c b\u1ea1n n\u00ean k\u00edch ho\u1ea1t ch\u1ebf \u0111\u1ed9 n\u00e0y h\u00e0ng th\u00e1ng. Tr\u01b0\u1eddng h\u1ee3p qu\u00e1 nhi\u1ec1u b\u1ee5i qu\u00fd kh\u00e1ch c\u00f3 th\u1ec3 li\u00ean h\u1ec7 k\u1ef9 thu\u1eadt chuy\u00ean nghi\u1ec7p v\u1ec7 sinh m\u00e1y.<\/p>\n<p><a class=\"img-popup\" title=\"\" href=\"https:\/\/sieuthimaylanh.com\/uploads\/product\/07_2023\/tu_lam_sach_i_clean_casper_GC-24IS35.jpg\" rel=\"gallery\"><img decoding=\"async\" src=\"https:\/\/sieuthimaylanh.com\/uploads\/product\/07_2023\/tu_lam_sach_i_clean_casper_GC-24IS35.jpg\" alt=\"\" \/><\/a><\/p>\n<p>&nbsp;<\/p>\n<h2 id=\"Ch\u1ebf_\u0111\u1ed9_ho\u1ea1t_\u0111\u1ed9ng_y\u00ean_t\u0129nh_c\u1ee7a_m\u00e1y_l\u1ea1nh_casper_inverter_2,5_ng\u1ef1a_-_GC-24IS35.\">Ch\u1ebf \u0111\u1ed9 ho\u1ea1t \u0111\u1ed9ng y\u00ean t\u0129nh c\u1ee7a m\u00e1y l\u1ea1nh casper inverter 2,5 ng\u1ef1a &#8211; GC-24IS35.<\/h2>\n<p>V\u1edbi c\u01a1 ch\u1ebf v\u1eadn h\u00e0nh si\u00eau t\u0129nh l\u1eb7ng &#8211; B\u1ea5m ch\u1ecdn menu- ch\u1ebf \u0111\u1ed9 SILENCE , k\u1ebft h\u1ee3p v\u1edbi c\u00f4ng ngh\u1ec7 inverter \u0111i\u1ec1u ch\u1ec9nh t\u1ed1c \u0111\u1ed9 m\u00e1y n\u00e9n , \u0111\u1ed9 \u1ed3n \u0111\u1ed9ng c\u01a1 trong qu\u00e1 tr\u00ecnh v\u1eadn h\u00e0nh \u0111\u01b0\u1ee3c gi\u1ea3m xu\u1ed1ng m\u1ee9c t\u1ed1i \u0111a, \u0111em \u0111\u1ebfn cho ng\u01b0\u1eddi s\u1eed d\u1ee5ng tr\u1ea3i nghi\u1ec7m y\u00ean t\u0129nh, th\u01b0 gi\u00e3n h\u01a1n<\/p>\n<p><a class=\"img-popup\" title=\"\" href=\"https:\/\/sieuthimaylanh.com\/uploads\/product\/07_2023\/che_do_yen_tinh_may_lanh_casper_gc_24is35.jpg\" rel=\"gallery\"><img decoding=\"async\" src=\"https:\/\/sieuthimaylanh.com\/uploads\/product\/07_2023\/che_do_yen_tinh_may_lanh_casper_gc_24is35.jpg\" alt=\"\" \/><\/a><\/p>\n<h2 id=\"_\"><\/h2>\n<h2 id=\"D\u00e0n_n\u00f3ng_m\u00e1y_l\u1ea1nh_inverter_Casper_GC-24IS35_b\u1eb1ng_\u0111\u1ed3ng_m\u1ea1_v\u00e0ng_cao_c\u1ea5p.\">D\u00e0n n\u00f3ng m\u00e1y l\u1ea1nh inverter Casper GC-24IS35 b\u1eb1ng \u0111\u1ed3ng m\u1ea1 v\u00e0ng cao c\u1ea5p.<\/h2>\n<p>V\u1edbi kinh nghi\u1ec7m s\u1ea3n xu\u1ea5t m\u00e1y l\u1ea1nh n\u00ean t\u1ea5c c\u1ea3 c\u00e1c model m\u00e1y l\u1ea1nh d\u00e2n d\u1ee5ng Casper \u0111\u1ec1u \u0111\u01b0\u1ee3c trang b\u1ecb d\u00e0n t\u1ea3n nhi\u1ec7t \u0111\u1ed3ng m\u1ea1 v\u00e0ng. L\u1edbp m\u1ea1 v\u00e0ng gi\u00fap t\u0103ng kh\u1ea3 n\u0103ng ch\u1ecbu \u0111\u1ef1ng c\u00e1c t\u00e1c nh\u00e2n \u0103n m\u00f2n nh\u01b0: N\u01b0\u1edbc mu\u1ed1i, m\u01b0a, c\u00e1c ch\u1ea5t \u0103n m\u00f2n kh\u00e1c\u2026, ng\u0103n ch\u1eb7n s\u1ef1 sinh s\u00f4i c\u1ee7a vi khu\u1ea9n v\u00e0 l\u00e0m t\u0103ng hi\u1ec7u qu\u1ea3 trao \u0111\u1ed5i nhi\u1ec7t c\u0169ng nh\u01b0 tu\u1ed5i th\u1ecd c\u1ee7a s\u1ea3n ph\u1ea9m.<\/p>\n<p><a class=\"img-popup\" title=\"\" href=\"https:\/\/sieuthimaylanh.com\/uploads\/product\/07_2023\/dan_nong_sieu_ben_may_lanh_casper_gc-24is35.jpg\" rel=\"gallery\"><img decoding=\"async\" src=\"https:\/\/sieuthimaylanh.com\/uploads\/product\/07_2023\/dan_nong_sieu_ben_may_lanh_casper_gc-24is35.jpg\" alt=\"\" \/><\/a><\/p>\n<p>&nbsp;<\/p>\n<h2 id=\"Th\u00f4ng_s\u1ed1_k\u1ef9_thu\u1eadt_d\u00f2ng_m\u00e1y_l\u1ea1nh_casper_inverter_GC-24IS35.\">Th\u00f4ng s\u1ed1 k\u1ef9 thu\u1eadt d\u00f2ng m\u00e1y l\u1ea1nh casper inverter GC-24IS35.<\/h2>\n<p><a class=\"img-popup\" title=\"\" href=\"https:\/\/sieuthimaylanh.com\/uploads\/product\/07_2023\/thong_so_may_lanh_casper_2_5_ngua_GC_24is35_inverter.png\" rel=\"gallery\"><img decoding=\"async\" src=\"https:\/\/sieuthimaylanh.com\/uploads\/product\/07_2023\/thong_so_may_lanh_casper_2_5_ngua_GC_24is35_inverter.png\" alt=\"\" \/><\/a><\/p>\n","protected":false},"excerpt":{"rendered":"<table class=\"table-digitals\">\n<tbody>\n<tr class=\"row-title\">\n<td colspan=\"2\"><strong class=\"row0\">Th\u00f4ng s\u1ed1 k\u1ef9 thu\u1eadt<\/strong><\/td>\n<\/tr>\n<tr class=\"row-item\">\n<td class=\"row0\">Xu\u1ea5t x\u1ee9<\/td>\n<td class=\"row1\">S\u1ea3n xu\u1ea5t t\u1ea1i Th\u00e1i Lan<\/td>\n<\/tr>\n<tr class=\"row-item\">\n<td class=\"row0\">Lo\u1ea1i Gas l\u1ea1nh<\/td>\n<td class=\"row1\">R32<\/td>\n<\/tr>\n<tr class=\"row-item\">\n<td class=\"row0\">Lo\u1ea1i m\u00e1y<\/td>\n<td class=\"row1\">Inverter ti\u00eau chu\u1ea9n<\/td>\n<\/tr>\n<tr class=\"row-item\">\n<td class=\"row0\">C\u00f4ng su\u1ea5t l\u00e0m l\u1ea1nh<\/td>\n<td class=\"row1\">21,500 BTU\/h (5,600 &#8211; 24,200) &#8211; 2,5HP<\/td>\n<\/tr>\n<tr class=\"row-item\">\n<td class=\"row0\">K\u00edch th\u01b0\u1edbc \u1ed1ng \u0111\u1ed3ng Gas (mm)<\/td>\n<td class=\"row1\">6\/12<\/td>\n<\/tr>\n<tr class=\"row-item\">\n<td class=\"row0\">Ch\u00eanh l\u1ec7ch \u0111\u1ed9 cao (t\u1ed1i \u0111a) (m)<\/td>\n<td class=\"row1\">15m<\/td>\n<\/tr>\n<tr class=\"row-item\">\n<td class=\"row0\">Hi\u1ec7u su\u1ea5t n\u0103ng l\u01b0\u1ee3ng CSPF<\/td>\n<td class=\"row1\">4.19<\/td>\n<\/tr>\n<tr class=\"row-item\">\n<td class=\"row0\">Nh\u00e3n n\u0103ng l\u01b0\u1ee3ng ti\u1ebft ki\u1ec7m \u0111i\u1ec7n<\/td>\n<td class=\"row1\">5 sao<\/td>\n<\/tr>\n<\/tbody>\n<\/table>\n","protected":false},"featured_media":1412,"comment_status":"open","ping_status":"closed","template":"","meta":{"wprm-recipe-roundup-name":"","wprm-recipe-roundup-description":""},"product_brand":[],"product_cat":[115],"product_tag":[166],"class_list":{"0":"post-1414","1":"product","2":"type-product","3":"status-publish","4":"has-post-thumbnail","6":"thuong-hieu-casper","7":"product_cat-may-lanh-treo-tuong","8":"product_tag-bao-hanh-12-thang","9":"pa_cong-nghe-inverter-cao-cap","10":"pa_cong-suat-lam-lanh-2-5-hp","11":"pa_may-lanh-treo-tuong-2-5-hp","13":"first","14":"instock","15":"sale","16":"taxable","17":"shipping-taxable","18":"purchasable","19":"product-type-simple"},"_links":{"self":[{"href":"https:\/\/maylanhlamhoanglong.com\/index.php?rest_route=\/wp\/v2\/product\/1414","targetHints":{"allow":["GET"]}}],"collection":[{"href":"https:\/\/maylanhlamhoanglong.com\/index.php?rest_route=\/wp\/v2\/product"}],"about":[{"href":"https:\/\/maylanhlamhoanglong.com\/index.php?rest_route=\/wp\/v2\/types\/product"}],"replies":[{"embeddable":true,"href":"https:\/\/maylanhlamhoanglong.com\/index.php?rest_route=%2Fwp%2Fv2%2Fcomments&post=1414"}],"wp:featuredmedia":[{"embeddable":true,"href":"https:\/\/maylanhlamhoanglong.com\/index.php?rest_route=\/wp\/v2\/media\/1412"}],"wp:attachment":[{"href":"https:\/\/maylanhlamhoanglong.com\/index.php?rest_route=%2Fwp%2Fv2%2Fmedia&parent=1414"}],"wp:term":[{"taxonomy":"product_brand","embeddable":true,"href":"https:\/\/maylanhlamhoanglong.com\/index.php?rest_route=%2Fwp%2Fv2%2Fproduct_brand&post=1414"},{"taxonomy":"product_cat","embeddable":true,"href":"https:\/\/maylanhlamhoanglong.com\/index.php?rest_route=%2Fwp%2Fv2%2Fproduct_cat&post=1414"},{"taxonomy":"product_tag","embeddable":true,"href":"https:\/\/maylanhlamhoanglong.com\/index.php?rest_route=%2Fwp%2Fv2%2Fproduct_tag&post=1414"}],"curies":[{"name":"wp","href":"https:\/\/api.w.org\/{rel}","templated":true}]}}