{"id":1264,"date":"2025-03-10T23:12:38","date_gmt":"2025-03-10T16:12:38","guid":{"rendered":"https:\/\/maylanhlamhoanglong.com\/?post_type=product&#038;p=1264"},"modified":"2025-03-10T23:12:54","modified_gmt":"2025-03-10T16:12:54","slug":"may-lanh-treo-tuong-comfee-cfs-25vaf-2-5hp-2-5-ngua-inverter","status":"publish","type":"product","link":"https:\/\/maylanhlamhoanglong.com\/?product=may-lanh-treo-tuong-comfee-cfs-25vaf-2-5hp-2-5-ngua-inverter","title":{"rendered":"M\u00e1y l\u1ea1nh treo t\u01b0\u1eddng Comfee CFS-25VAF (2.5HP &#8211; 2.5 Ng\u1ef1a) Inverter"},"content":{"rendered":"<p><strong>AI COOL<\/strong><\/p>\n<p><a class=\"img-popup\" title=\"\" href=\"https:\/\/sieuthimaylanh.com\/uploads\/product\/09_2024\/AI-COOL.gif\" rel=\"gallery\"><img decoding=\"async\" src=\"https:\/\/sieuthimaylanh.com\/uploads\/product\/09_2024\/AI-COOL.gif\" alt=\"\" \/><\/a><\/p>\n<p>Ch\u1ee7 \u0111\u1ed9ng \u0111i\u1ec1u khi\u1ec3n Comfee m\u1ecdi l\u00fac m\u1ecdi n\u01a1i th\u00f4ng qua gi\u1ecdng n\u00f3i tr\u00ean \u1ee9ng d\u1ee5ng SmartHome.<\/p>\n<p><strong>HYPER TECH \u2013 L\u00e0m l\u1ea1nh si\u00eau t\u1ed1c<\/strong><\/p>\n<p>&nbsp;<\/p>\n<p><a class=\"img-popup\" title=\"\" href=\"https:\/\/sieuthimaylanh.com\/uploads\/product\/09_2024\/HYPER-TECH.gif\" rel=\"gallery\"><img decoding=\"async\" src=\"https:\/\/sieuthimaylanh.com\/uploads\/product\/09_2024\/HYPER-TECH.gif\" alt=\"\" \/><\/a><\/p>\n<p>S\u1ef1 ho\u1ea1t \u0111\u1ed9ng m\u1ea1nh m\u1ebd c\u1ee7a m\u00e1y n\u00e9n v\u1edbi t\u1ed1c \u0111\u1ed9 cao gi\u00fap \u0111i\u1ec1u h\u00f2a Comfee \u201ckh\u1edfi \u0111\u1ed9ng\u201d \u0111\u1ea1t \u0111\u1ed9 l\u1ea1nh 23\u00b0C ch\u1ec9 trong v\u00f2ng 40 gi\u00e2y.<\/p>\n<p><strong>SLEEP CURVE \u2013 Ch\u0103m s\u00f3c gi\u1ea5c ng\u1ee7<\/strong><\/p>\n<p>&nbsp;<\/p>\n<p><a class=\"img-popup\" title=\"\" href=\"https:\/\/sieuthimaylanh.com\/uploads\/product\/09_2024\/sleep.gif\" rel=\"gallery\"><img decoding=\"async\" src=\"https:\/\/sieuthimaylanh.com\/uploads\/product\/09_2024\/sleep.gif\" alt=\"\" \/><\/a><\/p>\n<p>C\u00e0ng v\u1ec1 khuya, tr\u1eddi s\u1ebd c\u00e0ng tr\u1edf l\u1ea1nh. V\u1ed7 v\u1ec1 gi\u1ea5c ng\u1ee7, h\u1ea1n ch\u1ebf c\u1ea3m l\u1ea1nh v\u1edbi kh\u1ea3 n\u0103ng c\u00e0i \u0111\u1eb7t khung th\u1eddi gian v\u00e0 duy tr\u00ec m\u1ee9c nhi\u1ec7t \u0111\u1ed9 \u1ed5n \u0111\u1ecbnh su\u1ed1t \u0111\u00eam tr\u00ean \u1ee9ng d\u1ee5ng SmartHome.<\/p>\n<p>&nbsp;<\/p>\n<p><strong>FOLLOW ME \u2013 C\u1ea3m bi\u1ebfn v\u1ecb tr\u00ed<\/strong><\/p>\n<p><a class=\"img-popup\" title=\"\" href=\"https:\/\/sieuthimaylanh.com\/uploads\/product\/09_2024\/FOLLOW-ME1.gif\" rel=\"gallery\"><img decoding=\"async\" src=\"https:\/\/sieuthimaylanh.com\/uploads\/product\/09_2024\/FOLLOW-ME1.gif\" alt=\"\" \/><\/a><\/p>\n<p>&nbsp;<\/p>\n<p>Trang b\u1ecb c\u1ea3m bi\u1ebfn nhi\u1ec7t \u0111\u1ed9 c\u00f3 tr\u00ean remote, Comfee s\u1ebd t\u1ef1 \u0111\u1ed9ng \u0111i\u1ec1u ch\u1ec9nh nhi\u1ec7t \u0111\u1ed9 quanh v\u1ecb tr\u00ed c\u1ee7a b\u1ea1n d\u1ef1a theo nhi\u1ec7t \u0111\u1ed9 \u0111\u00e3 c\u00e0i \u0111\u1eb7t.<\/p>\n<p><strong>E-MAX \u2013 Vi x\u1eed l\u00fd t\u1ed1i \u01b0u<\/strong><\/p>\n<p><a class=\"img-popup\" title=\"\" href=\"https:\/\/sieuthimaylanh.com\/uploads\/product\/09_2024\/EMAX.gif\" rel=\"gallery\"><img decoding=\"async\" src=\"https:\/\/sieuthimaylanh.com\/uploads\/product\/09_2024\/EMAX.gif\" alt=\"\" \/><\/a><\/p>\n<p>&nbsp;<\/p>\n<p>\u0110i\u1ec1u h\u00f2a Comfee \u0111\u01b0\u1ee3c trang b\u1ecb vi x\u1eed l\u00fd t\u1ed1i t\u00e2n E-Max v\u1edbi m\u00e1y n\u00e9n ho\u1ea1t \u0111\u1ed9ng li\u00ean t\u1ee5c \u1edf t\u1ed1c \u0111\u1ed9 c\u1ef1c th\u1ea5p 12Hz. V\u1eadn h\u00e0nh \u00eam \u00e1i, b\u1ec1n b\u1ec9 v\u00e0 t\u1ed1i \u01b0u \u0111i\u1ec7n n\u0103ng so v\u1edbi c\u00e1c th\u1ebf h\u1ec7 tr\u01b0\u1edbc 16 l\u1ea7n.<\/p>\n<p>&nbsp;<\/p>\n<p><strong>ECO mode \u2013 Ti\u1ebft ki\u1ec7m \u0111i\u1ec7n t\u1ed1i \u01b0u<\/strong><\/p>\n<p>&nbsp;<\/p>\n<p><strong><a class=\"img-popup\" title=\"\" href=\"https:\/\/sieuthimaylanh.com\/uploads\/product\/09_2024\/ECO-MODE.gif\" rel=\"gallery\"><img decoding=\"async\" src=\"https:\/\/sieuthimaylanh.com\/uploads\/product\/09_2024\/ECO-MODE.gif\" alt=\"\" \/><\/a><\/strong><\/p>\n","protected":false},"excerpt":{"rendered":"<table class=\"table-digitals\">\n<tbody>\n<tr class=\"row-title\">\n<td colspan=\"2\"><strong class=\"row0\">Th\u00f4ng s\u1ed1 k\u1ef9 thu\u1eadt<\/strong><\/td>\n<\/tr>\n<tr class=\"row-item\">\n<td class=\"row0\">Xu\u1ea5t x\u1ee9<\/td>\n<td class=\"row1\">Th\u00e1i Lan<\/td>\n<\/tr>\n<tr class=\"row-item\">\n<td class=\"row0\">Lo\u1ea1i Gas l\u1ea1nh<\/td>\n<td class=\"row1\">R32<\/td>\n<\/tr>\n<tr class=\"row-item\">\n<td class=\"row0\">Lo\u1ea1i m\u00e1y<\/td>\n<td class=\"row1\">Inverter &#8211; lo\u1ea1i 1 chi\u1ec1u (ch\u1ec9 l\u00e0m l\u1ea1nh)<\/td>\n<\/tr>\n<tr class=\"row-item\">\n<td class=\"row0\">C\u00f4ng su\u1ea5t l\u00e0m l\u1ea1nh<\/td>\n<td class=\"row1\">2.5 HP (2.5 Ng\u1ef1a) &#8211; 25.000 Btu\/h<\/td>\n<\/tr>\n<tr class=\"row-item\">\n<td class=\"row0\">S\u1eed d\u1ee5ng cho ph\u00f2ng<\/td>\n<td class=\"row1\">Di\u1ec7n t\u00edch d\u01b0\u1edbi 40m2 (th\u00edch h\u1ee3p cho ph\u00f2ng kh\u00e1ch, v\u0103n ph\u00f2ng)<\/td>\n<\/tr>\n<tr class=\"row-item\">\n<td class=\"row0\">Ngu\u1ed3n \u0111i\u1ec7n (Ph\/V\/Hz)<\/td>\n<td class=\"row1\">1 Pha, 220 &#8211; 240 V, 50Hz<\/td>\n<\/tr>\n<tr class=\"row-item\">\n<td class=\"row0\">C\u00f4ng su\u1ea5t ti\u00eau th\u1ee5 \u0111i\u1ec7n<\/td>\n<td class=\"row1\">2.492 kW\/h t\u1ed1i \u0111a<\/td>\n<\/tr>\n<tr class=\"row-item\">\n<td class=\"row0\">K\u00edch th\u01b0\u1edbc \u1ed1ng \u0111\u1ed3ng Gas (mm)<\/td>\n<td class=\"row1\">10\/16<\/td>\n<\/tr>\n<tr class=\"row-item\">\n<td class=\"row0\">Chi\u1ec1u d\u00e0i \u1ed1ng gas t\u1ed1i \u0111a (m)<\/td>\n<td class=\"row1\">20 m<\/td>\n<\/tr>\n<tr class=\"row-item\">\n<td class=\"row0\">Ch\u00eanh l\u1ec7ch \u0111\u1ed9 cao (t\u1ed1i \u0111a) (m)<\/td>\n<td class=\"row1\">12 m<\/td>\n<\/tr>\n<tr class=\"row-item\">\n<td class=\"row0\">Hi\u1ec7u su\u1ea5t n\u0103ng l\u01b0\u1ee3ng CSPF<\/td>\n<td class=\"row1\">4.92<\/td>\n<\/tr>\n<tr class=\"row-item\">\n<td class=\"row0\">Nh\u00e3n n\u0103ng l\u01b0\u1ee3ng ti\u1ebft ki\u1ec7m \u0111i\u1ec7n<\/td>\n<td class=\"row1\">5 sao<\/td>\n<\/tr>\n<tr class=\"row-item\">\n<td class=\"row0\">T\u00ednh n\u0103ng \u0111\u1eb7c bi\u1ec7t<\/td>\n<td class=\"row1\">IOT &#8211; K\u1ebft n\u1ed1i Wifi, AI Cool &#8211; \u0110i\u1ec1u khi\u1ec3n b\u1eb1ng gi\u1ecdng n\u00f3i, Hyper Tech &#8211; L\u00e0m l\u1ea1nh si\u00eau t\u1ed1c, Follow me &#8211; C\u1ea3m bi\u1ebfn nhi\u1ec7t \u0111\u1ed9, Eco mode &#8211; Ch\u1ebf \u0111\u1ed9 ti\u1ebft ki\u1ec7m \u0111i\u1ec7n t\u1ed1i \u01b0u, \u0110\u00e8n tr\u00ean remote, Active Clean mode &#8211; Ch\u1ebf \u0111\u1ed9 t\u1ef1 l\u00e0m s\u1ea1ch d\u00e0n l\u1ea1nh.<\/td>\n<\/tr>\n<tr class=\"row-title\">\n<td colspan=\"2\"><strong class=\"row0\">D\u00e0n L\u1ea1nh<\/strong><\/td>\n<\/tr>\n<tr class=\"row-item\">\n<td class=\"row0\">Model d\u00e0n l\u1ea1nh<\/td>\n<td class=\"row1\">CFS-25VAFF-V<\/td>\n<\/tr>\n<tr class=\"row-item\">\n<td class=\"row0\">K\u00edch th\u01b0\u1edbc d\u00e0n l\u1ea1nh (mm)<\/td>\n<td class=\"row1\">1040x220x327 mm (D*S*C)<\/td>\n<\/tr>\n<tr class=\"row-item\">\n<td class=\"row0\">Tr\u1ecdng l\u01b0\u1ee3ng d\u00e0n l\u1ea1nh (Kg)<\/td>\n<td class=\"row1\">12.36\/15.92 kg<\/td>\n<\/tr>\n<tr class=\"row-title\">\n<td colspan=\"2\"><strong class=\"row0\">D\u00e0n N\u00f3ng<\/strong><\/td>\n<\/tr>\n<tr class=\"row-item\">\n<td class=\"row0\">Model d\u00e0n n\u00f3ng<\/td>\n<td class=\"row1\">CFS-25VAFC-V<\/td>\n<\/tr>\n<tr class=\"row-item\">\n<td class=\"row0\">K\u00edch th\u01b0\u1edbc d\u00e0n n\u00f3ng (mm)<\/td>\n<td class=\"row1\">890x342x673 mm (D*S*C)<\/td>\n<\/tr>\n<tr class=\"row-item\">\n<td class=\"row0\">Tr\u1ecdng l\u01b0\u1ee3ng d\u00e0n n\u00f3ng (Kg)<\/td>\n<td class=\"row1\">39.37\/42.70 kg<\/td>\n<\/tr>\n<\/tbody>\n<\/table>\n","protected":false},"featured_media":1261,"comment_status":"open","ping_status":"closed","template":"","meta":{"wprm-recipe-roundup-name":"","wprm-recipe-roundup-description":""},"product_brand":[],"product_cat":[115],"product_tag":[167],"class_list":{"0":"post-1264","1":"product","2":"type-product","3":"status-publish","4":"has-post-thumbnail","6":"thuong-hieu-comfee","7":"product_cat-may-lanh-treo-tuong","8":"product_tag-bao-hanh-24-thang","9":"pa_cong-nghe-inverter","10":"pa_cong-suat-lam-lanh-2-5-hp","11":"pa_may-lanh-treo-tuong-2-5-hp","13":"first","14":"instock","15":"sale","16":"taxable","17":"shipping-taxable","18":"purchasable","19":"product-type-simple"},"_links":{"self":[{"href":"https:\/\/maylanhlamhoanglong.com\/index.php?rest_route=\/wp\/v2\/product\/1264","targetHints":{"allow":["GET"]}}],"collection":[{"href":"https:\/\/maylanhlamhoanglong.com\/index.php?rest_route=\/wp\/v2\/product"}],"about":[{"href":"https:\/\/maylanhlamhoanglong.com\/index.php?rest_route=\/wp\/v2\/types\/product"}],"replies":[{"embeddable":true,"href":"https:\/\/maylanhlamhoanglong.com\/index.php?rest_route=%2Fwp%2Fv2%2Fcomments&post=1264"}],"wp:featuredmedia":[{"embeddable":true,"href":"https:\/\/maylanhlamhoanglong.com\/index.php?rest_route=\/wp\/v2\/media\/1261"}],"wp:attachment":[{"href":"https:\/\/maylanhlamhoanglong.com\/index.php?rest_route=%2Fwp%2Fv2%2Fmedia&parent=1264"}],"wp:term":[{"taxonomy":"product_brand","embeddable":true,"href":"https:\/\/maylanhlamhoanglong.com\/index.php?rest_route=%2Fwp%2Fv2%2Fproduct_brand&post=1264"},{"taxonomy":"product_cat","embeddable":true,"href":"https:\/\/maylanhlamhoanglong.com\/index.php?rest_route=%2Fwp%2Fv2%2Fproduct_cat&post=1264"},{"taxonomy":"product_tag","embeddable":true,"href":"https:\/\/maylanhlamhoanglong.com\/index.php?rest_route=%2Fwp%2Fv2%2Fproduct_tag&post=1264"}],"curies":[{"name":"wp","href":"https:\/\/api.w.org\/{rel}","templated":true}]}}