{"id":1236,"date":"2025-03-10T21:40:42","date_gmt":"2025-03-10T14:40:42","guid":{"rendered":"https:\/\/maylanhlamhoanglong.com\/?post_type=product&#038;p=1236"},"modified":"2025-03-10T21:40:42","modified_gmt":"2025-03-10T14:40:42","slug":"may-lanh-casper-inverter-proair-1-chieu-1hp-jc-09iu36","status":"publish","type":"product","link":"https:\/\/maylanhlamhoanglong.com\/?product=may-lanh-casper-inverter-proair-1-chieu-1hp-jc-09iu36","title":{"rendered":"M\u00e1y l\u1ea1nh Casper Inverter ProAir 1 chi\u1ec1u 1HP JC-09IU36"},"content":{"rendered":"<h3><strong>M\u00e1y l\u1ea1nh Casper 1.0 HP Inverter JC- 09IU36 (Model 2025)<\/strong><\/h3>\n<ul>\n<li>C\u00f4ng ngh\u1ec7 n\u1ed5i b\u1eadt: iClean, iFeel, iSaving, L\u00e0m l\u1ea1nh nhanh Turbo, Thi\u1ebft k\u1ebf EasyCare<\/li>\n<li>Di\u1ec7n t\u00edch s\u1eed d\u1ee5ng: D\u01b0\u1edbi 15m2<\/li>\n<li>Xu\u1ea5t x\u1ee9: Th\u00e1i Lan<\/li>\n<li>B\u1ea3o h\u00e0nh: 3 n\u0103m, ri\u00eang m\u00e1y n\u00e9n b\u1ea3o h\u00e0nh 12 n\u0103m<\/li>\n<\/ul>\n<p><strong>\u00a0TH\u00d4NG S\u1ed0 K\u1ef8 THU\u1eacT\u00a0<\/strong><\/p>\n<table width=\"800\">\n<tbody>\n<tr>\n<td><strong>C\u00f4ng su\u1ea5t l\u1ea1nh<\/strong>: 9,000 BTU\/h (2,050 \u2013 10,900)<\/td>\n<td><strong>Di\u1ec7n t\u00edch ph\u00f9 h\u1ee3p s\u1eed d\u1ee5ng<\/strong>: D\u01b0\u1edbi 15m2<\/td>\n<\/tr>\n<tr>\n<td><strong>C\u00f4ng ngh\u1ec7 n\u1ed5i b\u1eadt<\/strong>: iClean, iFeel, iSaving, L\u00e0m l\u1ea1nh nhanh Turbo, Thi\u1ebft k\u1ebf EasyCare<\/td>\n<td><strong>Hi\u1ec7u su\u1ea5t l\u0103ng l\u01b0\u1ee3ng<\/strong>: 4 sao\/CSPF: 3.87<\/td>\n<\/tr>\n<tr>\n<td><strong>Ngu\u1ed3n \u0111i\u1ec7n<\/strong>: 220V~50Hz<\/td>\n<td><strong>\u0110i\u1ec7n n\u0103ng ti\u00eau th\u1ee5<\/strong>: 1,040W (400 \u2013 1,600)<\/td>\n<\/tr>\n<tr>\n<td><strong>M\u00f4i ch\u1ea5t l\u1ea1nh<\/strong>: R32\/360g<\/td>\n<td><strong>L\u01b0u l\u01b0\u1ee3ng gi\u00f3 d\u00e0n l\u1ea1nh<\/strong>: 540\/420\/370 m3\/h<\/td>\n<\/tr>\n<tr>\n<td><strong>\u0110\u01b0\u1eddng k\u00ednh \u1ed1ng gas<\/strong>: 6.35 mm\/9.52 mm<\/td>\n<td><strong>Chi\u1ec1u d\u00e0i \u0111\u01b0\u1eddng \u1ed1ng chu\u1ea9n<\/strong>: 5m<\/td>\n<\/tr>\n<tr>\n<td><\/td>\n<td><strong>Chi\u1ec1u d\u00e0i \u0111\u01b0\u1eddng \u1ed1ng t\u1ed1i \u0111a<\/strong>; 10m<\/td>\n<\/tr>\n<\/tbody>\n<\/table>\n<p><strong>M\u00d4 T\u1ea2 S\u1ea2N PH\u1ea8M\u00a0\u00a0<\/strong><\/p>\n<h2>Ti\u1ec1n \u0110i\u1ec7n Ch\u1ec9 T\u1eeb 4,000\u0111\/\u0110\u00eam<\/h2>\n<p>C\u00f4ng ngh\u1ec7 i-Saving c\u00f9ng c\u01a1 ch\u1ebf v\u1eadn h\u00e0nh th\u00f4ng minh \u0111i\u1ec1u h\u00f2a Casper 1 chi\u1ec1u inverter 9000btu JC-09IU36 s\u1ebd \u0111i\u1ec1u ch\u1ec9nh nhi\u1ec7t \u0111\u1ed9 c\u00e0i \u0111\u1eb7t theo \u0111\u01b0\u1eddng h\u00ecnh sin thay v\u00ec \u0111\u01b0\u1eddng th\u1eb3ng nh\u01b0 truy\u1ec1n th\u1ed1ng.<\/p>\n<p>Khi nhi\u1ec7t \u0111\u1ed9 m\u00f4i tr\u01b0\u1eddng xung quanh \u0111\u1ea1t t\u1edbi nhi\u1ec7t \u0111\u1ed9 c\u00e0i \u0111\u1eb7t, m\u00e1y n\u00e9n s\u1ebd t\u1ef1 \u0111\u1ed9ng gi\u1ea3m t\u1ea7n s\u1ed1 ho\u1ea1t \u0111\u1ed9ng xu\u1ed1ng m\u1ee9c th\u1ea5p nh\u1ea5t, gi\u00fap gi\u1ea3m \u0111i\u1ec7n n\u0103ng ti\u00eau th\u1ee5 xu\u1ed1ng m\u1ee9c t\u1ed1i thi\u1ec3u.<\/p>\n<p><img loading=\"lazy\" decoding=\"async\" src=\"https:\/\/caspervietnam.vn\/wp-content\/uploads\/2023\/03\/tc-09-is33-iSaving-1.jpg\" alt=\"Tc 09 Is33 Isaving 1\" width=\"690\" height=\"433\" data-src=\"https:\/\/caspervietnam.vn\/wp-content\/uploads\/2023\/03\/tc-09-is33-iSaving-1.jpg\" \/><\/p>\n<h2>L\u00e0m L\u1ea1nh Nhanh Turbo<\/h2>\n<p>K\u00edch ho\u1ea1t ch\u1ebf \u0111\u1ed9 Turbo, \u0111i\u1ec1u h\u00f2a Casper 1 chi\u1ec1u inverter 9000btu JC-09IU36 s\u1ebd ho\u1ea1t \u0111\u1ed9ng \u1edf c\u1ea5p \u0111\u1ed9 th\u1ed5i gi\u00f3 cao nh\u1ea5t mang \u0111\u1ebfn hi\u1ec7u qu\u1ea3 l\u00e0m m\u00e1t r\u1ea5t nhanh ch\u1ec9 trong 30 gi\u00e2y gi\u00fap b\u1ea1n t\u1eadn h\u01b0\u1edfng ngay b\u1ea7u kh\u00f4ng kh\u00ed d\u1ec5 ch\u1ecbu m\u00e1t m\u1ebb.<\/p>\n<figure id=\"attachment_1546\" aria-describedby=\"caption-attachment-1546\"><img loading=\"lazy\" decoding=\"async\" src=\"https:\/\/caspervietnam.vn\/wp-content\/uploads\/2023\/03\/KF-Che-do-Super.jpg\" alt=\"Kf Che Do Super\" width=\"690\" height=\"433\" data-src=\"https:\/\/caspervietnam.vn\/wp-content\/uploads\/2023\/03\/KF-Che-do-Super.jpg\" \/><figcaption id=\"caption-attachment-1546\">H\u00ecnh \u1ea3nh minh h\u1ecda<\/figcaption><\/figure>\n<h2>L\u1ecdc Kh\u00ed 3 Trong 1<\/h2>\n<p>T\u1ea5m l\u1ecdc 3 trong 1 \u0111i\u1ec1u h\u00f2a Casper 1 chi\u1ec1u inverter 9000btu JC-09IU36 gi\u00fap lo\u1ea1i b\u1ecf c\u00e1c formaldehyde g\u00e2y h\u1ea1i, kh\u1eed m\u00f9i, t\u1ea1o c\u1ea3m gi\u00e1c tho\u1ea3i m\u00e1i cho ng\u01b0\u1eddi s\u1eed d\u1ee5ng:<\/p>\n<ul>\n<li>T\u1ea5m l\u1ecdc m\u00e0u \u0111\u1ecf: s\u1eed d\u1ee5ng ch\u1ea5t li\u1ec7u PU polyurethane, t\u1ea1o ch\u1ea5t x\u00fac t\u00e1c, g\u00e2y ra ph\u1ea3n \u1ee9ng ho\u00e1 h\u1ecdc gi\u1eefa c\u00e1c formaldehyde g\u00e2y h\u1ea1i v\u00e0 O2, gi\u00fap ph\u00e2n h\u1ee7y ho\u00e0n to\u00e0n formaldehyde trong kh\u00f4ng kh\u00ed.<\/li>\n<li>T\u1ea5m l\u1ecdc m\u00e0u \u0111en: T\u1ea5m l\u1ecdc than ho\u1ea1t t\u00ednh gi\u00fap l\u1ecdc c\u00e1c h\u1ea1t b\u1ee5i r\u1ea5t nh\u1ecf v\u00e0 gi\u00fap kh\u1eed m\u00f9i kh\u00f3 ch\u1ecbu trong kh\u00f4ng kh\u00ed.<\/li>\n<li>T\u1ea5m l\u1ecdc c\u00f3 m\u00e0u v\u00e0ng: T\u1ea5m l\u1ecdc c\u00f3 ch\u1ee9a Acid ascorbic (Vitamin C) gi\u00fap kh\u00f4ng kh\u00ed \u0111i qua t\u1ea5m l\u1ecdc ph\u00e1t t\u00e1n vitamin C c\u00f9ng lu\u1ed3ng gi\u00f3 \u0111\u01b0a v\u00e0o kh\u00f4ng gian ph\u00f2ng.<\/li>\n<\/ul>\n<p><img loading=\"lazy\" decoding=\"async\" src=\"https:\/\/caspervietnam.vn\/wp-content\/uploads\/2023\/03\/tc-is35-tam-loc-khi-3-in-1.jpg\" alt=\"Tc Is35 Tam Loc Khi 3 In 1\" width=\"690\" height=\"433\" data-src=\"https:\/\/caspervietnam.vn\/wp-content\/uploads\/2023\/03\/tc-is35-tam-loc-khi-3-in-1.jpg\" \/><\/p>\n<h2>T\u1ef1 L\u00e0m S\u1ea1ch IClean<\/h2>\n<p>Khi ch\u1ecdn ch\u1ee9c n\u0103ng iClean \u0111i\u1ec1u h\u00f2a Casper 1 chi\u1ec1u inverter 9000btu JC-09IU36, ngay l\u1eadp t\u1ee9c \u0111i\u1ec1u h\u00f2a s\u1ebd t\u1ef1 \u0111\u1ed9ng k\u00edch ho\u1ea1t ch\u1ebf \u0111\u1ed9 t\u1ef1 l\u00e0m s\u1ea1ch trong v\u00f2ng 20 ph\u00fat v\u1edbi 5 b\u01b0\u1edbc:<\/p>\n<p>B\u01b0\u1edbc 1. \u0110\u00f3ng b\u0103ng<\/p>\n<p>B\u01b0\u1edbc 2. R\u00e3 b\u0103ng<\/p>\n<p>B\u01b0\u1edbc 3. Cu\u1ed1n tr\u00f4i<\/p>\n<p>B\u01b0\u1edbc 4. L\u00e0m n\u00f3ng s\u1ea5y kh\u00f4<\/p>\n<p>B\u01b0\u1edbc 5. Qu\u1ea1t t\u1ef1 \u0111\u1ed9ng kh\u00f4 h\u01a1i \u1ea9m<\/p>\n<p>Gi\u00fap ng\u0103n ng\u1eeba s\u1ef1 h\u00ecnh th\u00e0nh vi khu\u1ea9n, n\u1ea5m m\u1ed1c trong d\u00e0n l\u1ea1nh, mang \u0111\u1ebfn kh\u00f4ng gian s\u1ed1ng trong l\u00e0nh h\u01a1n.<\/p>\n<figure id=\"attachment_387\" aria-describedby=\"caption-attachment-387\"><img loading=\"lazy\" decoding=\"async\" src=\"https:\/\/caspervietnam.vn\/wp-content\/uploads\/2018\/05\/DMX-066.jpg\" alt=\"\u0110mx 066\" width=\"690\" height=\"386\" data-src=\"https:\/\/caspervietnam.vn\/wp-content\/uploads\/2018\/05\/DMX-066.jpg\" \/><figcaption id=\"caption-attachment-387\">H\u00ecnh \u1ea3nh minh h\u1ecda<\/figcaption><\/figure>\n<h2>C\u1ea3m Bi\u1ebfn Th\u00e2n Nhi\u1ec7t IFeel<\/h2>\n<p>Khi k\u00edch ho\u1ea1t ch\u1ee9c n\u0103ng iFeel \u0111i\u1ec1u h\u00f2a Casper 1 chi\u1ec1u inverter 9000btu JC-09IU36, m\u00e1y \u0111i\u1ec1u h\u00f2a s\u1ebd t\u1ef1 \u0111\u1ed9ng \u0111i\u1ec1u ch\u1ec9nh t\u0103ng ho\u1eb7c gi\u1ea3m nhi\u1ec7t \u0111\u1ed9 c\u00e0i \u0111\u1eb7t d\u1ef1a theo c\u01a1 ch\u1ebf c\u1ea3m \u1ee9ng nhi\u1ec7t th\u00f4ng minh, gi\u00fap \u0111\u1ea3m b\u1ea3o nhi\u1ec7t \u0111\u1ed9 ph\u00f2ng kh\u00f4ng ch\u00eanh l\u1ec7ch v\u1edbi nhi\u1ec7t \u0111\u1ed9 xung quanh c\u01a1 th\u1ec3 ng\u01b0\u1eddi d\u00f9ng, tr\u00e1nh c\u1ea3m l\u1ea1nh.<\/p>\n<p><img loading=\"lazy\" decoding=\"async\" src=\"https:\/\/caspervietnam.vn\/wp-content\/uploads\/2023\/03\/sc-sleep-mode-1.jpg\" alt=\"Sc Sleep Mode 1\" width=\"690\" height=\"433\" data-src=\"https:\/\/caspervietnam.vn\/wp-content\/uploads\/2023\/03\/sc-sleep-mode-1.jpg\" \/><\/p>\n<h2>C\u01a1 Ch\u1ebf V\u1eadn H\u00e0nh Si\u00eau T\u0129nh L\u1eb7ng<\/h2>\n<p>V\u1edbi c\u01a1 ch\u1ebf v\u1eadn h\u00e0nh si\u00eau t\u0129nh l\u1eb7ng \u1edf \u0111i\u1ec1u h\u00f2a Casper 1 chi\u1ec1u inverter 9000btu JC-09IU36, \u0111\u1ed9 \u1ed3n \u0111\u1ed9ng c\u01a1 trong qu\u00e1 tr\u00ecnh v\u1eadn h\u00e0nh \u0111\u01b0\u1ee3c gi\u1ea3m xu\u1ed1ng m\u1ee9c t\u1ed1i \u0111a, \u0111em \u0111\u1ebfn cho ng\u01b0\u1eddi s\u1eed d\u1ee5ng tr\u1ea3i nghi\u1ec7m y\u00ean t\u0129nh, th\u01b0 gi\u00e3n h\u01a1n.<\/p>\n<figure id=\"attachment_1551\" aria-describedby=\"caption-attachment-1551\"><img loading=\"lazy\" decoding=\"async\" src=\"https:\/\/caspervietnam.vn\/wp-content\/uploads\/2023\/03\/van-hanh-sieu-tinh-lang_.jpg\" alt=\"Van Hanh Sieu Tinh Lang \" width=\"690\" height=\"433\" data-src=\"https:\/\/caspervietnam.vn\/wp-content\/uploads\/2023\/03\/van-hanh-sieu-tinh-lang_.jpg\" \/><figcaption id=\"caption-attachment-1551\">H\u00ecnh \u1ea3nh minh h\u1ecda<\/figcaption><\/figure>\n<h2>D\u00e0n T\u1ea3n Nhi\u1ec7t \u0110\u1ed3ng M\u1ea1 V\u00e0ng<\/h2>\n<p>\u0110i\u1ec1u h\u00f2a Casper 1 chi\u1ec1u inverter 9000btu JC-09IU36 \u0111\u01b0\u1ee3c trang b\u1ecb d\u00e0n t\u1ea3n nhi\u1ec7t \u0111\u1ed3ng m\u1ea1 v\u00e0ng. L\u1edbp m\u1ea1 v\u00e0ng gi\u00fap t\u0103ng kh\u1ea3 n\u0103ng ch\u1ecbu \u0111\u1ef1ng c\u00e1c t\u00e1c nh\u00e2n \u0103n m\u00f2n nh\u01b0: N\u01b0\u1edbc mu\u1ed1i, m\u01b0a, c\u00e1c ch\u1ea5t \u0103n m\u00f2n kh\u00e1c\u2026, \u0111\u1ea9y l\u00f9i s\u1ef1 sinh s\u00f4i c\u1ee7a vi khu\u1ea9n v\u00e0 l\u00e0m t\u0103ng hi\u1ec7u n\u0103ng trao \u0111\u1ed5i nhi\u1ec7t c\u0169ng nh\u01b0 tu\u1ed5i th\u1ecd c\u1ee7a s\u1ea3n ph\u1ea9m.<\/p>\n<p><img loading=\"lazy\" decoding=\"async\" src=\"https:\/\/caspervietnam.vn\/wp-content\/uploads\/2021\/09\/casper-hc-ia32-22.jpg\" alt=\"Casper Hc Ia32 22\" width=\"690\" height=\"438\" data-src=\"https:\/\/caspervietnam.vn\/wp-content\/uploads\/2021\/09\/casper-hc-ia32-22.jpg\" \/><\/p>\n<h2>M\u00f4i Ch\u1ea5t L\u1ea1nh Th\u1ebf H\u1ec7 M\u1edbi R32<\/h2>\n<p>\u0110i\u1ec1u h\u00f2a Casper 1 chi\u1ec1u inverter 9000btu JC-09IU36 s\u1eed d\u1ee5ng m\u00f4i ch\u1ea5t l\u1ea1nh R32 \u2013 l\u00e0 m\u00f4i ch\u1ea5t l\u1ea1nh th\u1ebf h\u1ec7 m\u1edbi mang l\u1ea1i c\u00f4ng su\u1ea5t l\u00e0m m\u00e1t cao h\u01a1n v\u00e0 gi\u1ea3m chi ph\u00ed n\u0103ng l\u01b0\u1ee3ng.<\/p>\n<p>M\u00f4i ch\u1ea5t l\u1ea1nh n\u00e0y c\u0169ng kh\u00f4ng ch\u1ee9a ch\u1ea5t g\u00e2y suy gi\u1ea3m t\u1ea7ng Ozone &amp; kh\u00f4ng t\u00e1c \u0111\u1ed9ng nhi\u1ec1u \u0111\u1ebfn t\u00ecnh tr\u1ea1ng n\u00f3ng l\u00ean to\u00e0n c\u1ea7u, do \u0111\u00f3 th\u00e2n thi\u1ec7n v\u1edbi m\u00f4i tr\u01b0\u1eddng.<\/p>\n<figure id=\"attachment_1552\" aria-describedby=\"caption-attachment-1552\"><img loading=\"lazy\" decoding=\"async\" src=\"https:\/\/caspervietnam.vn\/wp-content\/uploads\/2023\/03\/R32.jpg\" alt=\"R32\" width=\"690\" height=\"433\" data-src=\"https:\/\/caspervietnam.vn\/wp-content\/uploads\/2023\/03\/R32.jpg\" \/><figcaption id=\"caption-attachment-1552\">H\u00ecnh \u1ea3nh minh h\u1ecda<\/figcaption><\/figure>\n<h3>M\u00e1y n\u00e9n b\u1ea3o H\u00e0nh 12 N\u0103m<\/h3>\n<p>\u0110i\u1ec1u h\u00f2a Casper 1 chi\u1ec1u inverter 9000btu JC-09IU36 \u0111\u01b0\u1ee3c b\u1ea3o h\u00e0nh m\u00e1y n\u00e9n 12 n\u0103m \u2013 m\u1ed9t trong nh\u1eefng ch\u00ednh s\u00e1ch b\u1ea3o h\u00e0nh l\u00e2u nh\u1ea5t th\u1ecb tr\u01b0\u1eddng, nh\u01b0 m\u1ed9t l\u1eddi kh\u1eb3ng \u0111\u1ecbnh v\u1ec1 ch\u1ea5t l\u01b0\u1ee3ng s\u1ea3n ph\u1ea9m v\u00e0 cam k\u1ebft b\u1ec1n b\u1ec9 trong su\u1ed1t th\u1eddi gian s\u1eed d\u1ee5ng, mang \u0111\u1ebfn s\u1ef1 y\u00ean t\u00e2m v\u00e0 tin t\u01b0\u1edfng cho kh\u00e1ch h\u00e0ng.<\/p>\n<p><img loading=\"lazy\" decoding=\"async\" src=\"https:\/\/caspervietnam.vn\/wp-content\/uploads\/2024\/02\/bao-hanh-may-nen2.jpg\" alt=\"Bao Hanh May Nen2\" width=\"690\" height=\"433\" data-src=\"https:\/\/caspervietnam.vn\/wp-content\/uploads\/2024\/02\/bao-hanh-may-nen2.jpg\" \/><\/p>\n","protected":false},"excerpt":{"rendered":"<h3><strong>M\u00e1y l\u1ea1nh Casper 1.0 HP Inverter JC- 09IU36 (Model 2025)<\/strong><\/h3>\n<ul>\n<li>C\u00f4ng ngh\u1ec7 n\u1ed5i b\u1eadt: iClean, iFeel, iSaving, L\u00e0m l\u1ea1nh nhanh Turbo, Thi\u1ebft k\u1ebf EasyCare<\/li>\n<li>Di\u1ec7n t\u00edch s\u1eed d\u1ee5ng: D\u01b0\u1edbi 15m2<\/li>\n<li>Xu\u1ea5t x\u1ee9: Th\u00e1i Lan<\/li>\n<li>B\u1ea3o h\u00e0nh: 3 n\u0103m, ri\u00eang m\u00e1y n\u00e9n b\u1ea3o h\u00e0nh 12 n\u0103m<\/li>\n<\/ul>\n<p><strong>\u00a0TH\u00d4NG S\u1ed0 K\u1ef8 THU\u1eacT\u00a0<\/strong><\/p>\n<table width=\"800\">\n<tbody>\n<tr>\n<td><strong>C\u00f4ng su\u1ea5t l\u1ea1nh<\/strong>: 9,000 BTU\/h (2,050 \u2013 10,900)<\/td>\n<td><strong>Di\u1ec7n t\u00edch ph\u00f9 h\u1ee3p s\u1eed d\u1ee5ng<\/strong>: D\u01b0\u1edbi 15m2<\/td>\n<\/tr>\n<tr>\n<td><strong>C\u00f4ng ngh\u1ec7 n\u1ed5i b\u1eadt<\/strong>: iClean, iFeel, iSaving, L\u00e0m l\u1ea1nh nhanh Turbo, Thi\u1ebft k\u1ebf EasyCare<\/td>\n<td><strong>Hi\u1ec7u su\u1ea5t l\u0103ng l\u01b0\u1ee3ng<\/strong>: 4 sao\/CSPF: 3.87<\/td>\n<\/tr>\n<tr>\n<td><strong>Ngu\u1ed3n \u0111i\u1ec7n<\/strong>: 220V~50Hz<\/td>\n<td><strong>\u0110i\u1ec7n n\u0103ng ti\u00eau th\u1ee5<\/strong>: 1,040W (400 \u2013 1,600)<\/td>\n<\/tr>\n<tr>\n<td><strong>M\u00f4i ch\u1ea5t l\u1ea1nh<\/strong>: R32\/360g<\/td>\n<td><strong>L\u01b0u l\u01b0\u1ee3ng gi\u00f3 d\u00e0n l\u1ea1nh<\/strong>: 540\/420\/370 m3\/h<\/td>\n<\/tr>\n<tr>\n<td><strong>\u0110\u01b0\u1eddng k\u00ednh \u1ed1ng gas<\/strong>: 6.35 mm\/9.52 mm<\/td>\n<td><strong>Chi\u1ec1u d\u00e0i \u0111\u01b0\u1eddng \u1ed1ng chu\u1ea9n<\/strong>: 5m<\/td>\n<\/tr>\n<tr>\n<td><\/td>\n<td><strong>Chi\u1ec1u d\u00e0i \u0111\u01b0\u1eddng \u1ed1ng t\u1ed1i \u0111a<\/strong>; 10m<\/td>\n<\/tr>\n<\/tbody>\n<\/table>\n","protected":false},"featured_media":1237,"comment_status":"open","ping_status":"closed","template":"","meta":{"wprm-recipe-roundup-name":"","wprm-recipe-roundup-description":""},"product_brand":[],"product_cat":[115],"product_tag":[168],"class_list":{"0":"post-1236","1":"product","2":"type-product","3":"status-publish","4":"has-post-thumbnail","6":"thuong-hieu-casper","7":"product_cat-may-lanh-treo-tuong","8":"product_tag-bao-hanh-36-thang","9":"pa_cong-nghe-inverter","10":"pa_cong-suat-lam-lanh-1-hp","11":"pa_may-lanh-treo-tuong-1-0-hp","13":"first","14":"instock","15":"sale","16":"taxable","17":"shipping-taxable","18":"purchasable","19":"product-type-simple"},"_links":{"self":[{"href":"https:\/\/maylanhlamhoanglong.com\/index.php?rest_route=\/wp\/v2\/product\/1236","targetHints":{"allow":["GET"]}}],"collection":[{"href":"https:\/\/maylanhlamhoanglong.com\/index.php?rest_route=\/wp\/v2\/product"}],"about":[{"href":"https:\/\/maylanhlamhoanglong.com\/index.php?rest_route=\/wp\/v2\/types\/product"}],"replies":[{"embeddable":true,"href":"https:\/\/maylanhlamhoanglong.com\/index.php?rest_route=%2Fwp%2Fv2%2Fcomments&post=1236"}],"wp:featuredmedia":[{"embeddable":true,"href":"https:\/\/maylanhlamhoanglong.com\/index.php?rest_route=\/wp\/v2\/media\/1237"}],"wp:attachment":[{"href":"https:\/\/maylanhlamhoanglong.com\/index.php?rest_route=%2Fwp%2Fv2%2Fmedia&parent=1236"}],"wp:term":[{"taxonomy":"product_brand","embeddable":true,"href":"https:\/\/maylanhlamhoanglong.com\/index.php?rest_route=%2Fwp%2Fv2%2Fproduct_brand&post=1236"},{"taxonomy":"product_cat","embeddable":true,"href":"https:\/\/maylanhlamhoanglong.com\/index.php?rest_route=%2Fwp%2Fv2%2Fproduct_cat&post=1236"},{"taxonomy":"product_tag","embeddable":true,"href":"https:\/\/maylanhlamhoanglong.com\/index.php?rest_route=%2Fwp%2Fv2%2Fproduct_tag&post=1236"}],"curies":[{"name":"wp","href":"https:\/\/api.w.org\/{rel}","templated":true}]}}