{"id":1123,"date":"2025-03-08T10:19:27","date_gmt":"2025-03-08T03:19:27","guid":{"rendered":"https:\/\/maylanhlamhoanglong.com\/?post_type=product&#038;p=1123"},"modified":"2025-03-08T10:19:27","modified_gmt":"2025-03-08T03:19:27","slug":"dan-lanh-am-tran-noi-ong-gio-multi-lg-1-0-hp-1-ngua-amnq09gl1a0-inverter","status":"publish","type":"product","link":"https:\/\/maylanhlamhoanglong.com\/?product=dan-lanh-am-tran-noi-ong-gio-multi-lg-1-0-hp-1-ngua-amnq09gl1a0-inverter","title":{"rendered":"D\u00e0n l\u1ea1nh \u00e2m tr\u1ea7n n\u1ed1i \u1ed1ng gi\u00f3 multi LG 1.0 HP (1 Ng\u1ef1a) AMNQ09GL1A0 Inverter"},"content":{"rendered":"<h2 id=\"Gi\u1ea3i_ph\u00e1p_ho\u00e0n_h\u1ea3o_cho_nhi\u1ec1u_c\u0103n_ph\u00f2ng\">Gi\u1ea3i ph\u00e1p ho\u00e0n h\u1ea3o cho nhi\u1ec1u c\u0103n ph\u00f2ng<\/h2>\n<p>H\u1ec7 th\u1ed1ng Multi Split c\u00f3 th\u1ec3 l\u00e0m l\u1ea1nh v\u00e0 s\u01b0\u1edfi \u1ea5m t\u1ea5t c\u1ea3 c\u0103n ph\u00f2ng c\u1ee7a b\u1ea1n b\u1eb1ng c\u00e1ch trang b\u1ecb 1 d\u00e0n n\u00f3ng duy nh\u1ea5t. M\u1ed7i d\u00e0n n\u00f3ng c\u00f3 th\u1ec3 k\u1ebft n\u1ed1i \u0111\u01b0\u1ee3c l\u00ean \u0111\u1ebfn 5 d\u00e0n l\u1ea1nh.<\/p>\n<p><a class=\"img-popup\" title=\"\" href=\"https:\/\/sieuthimaylanh.com\/uploads\/product\/06_2021\/giai-phap-dieu-hoa-cho-nhieu-phong.jpg\" rel=\"gallery\"><img decoding=\"async\" src=\"https:\/\/sieuthimaylanh.com\/uploads\/product\/06_2021\/giai-phap-dieu-hoa-cho-nhieu-phong.jpg\" alt=\"\" \/><\/a><\/p>\n<h2 id=\"D\u00e0n_l\u1ea1nh_\u0111a_d\u1ea1ng_ch\u1ee7ng_lo\u1ea1i\">D\u00e0n l\u1ea1nh \u0111a d\u1ea1ng ch\u1ee7ng lo\u1ea1i<\/h2>\n<p>B\u1ea1n c\u00f3 th\u1ec3 ch\u1ecdn d\u00e0n l\u1ea1nh theo t\u1eebng thi\u1ebft k\u1ebf ph\u00f2ng. T\u1eeb lo\u1ea1i treo t\u01b0\u1eddng, Cassette \u0111\u1ebfn lo\u1ea1i \u00e2m tr\u1ea7n n\u1ed1i \u1ed1ng gi\u00f3. D\u00e0n l\u1ea1nh v\u1edbi ch\u1ee7ng lo\u1ea1i, m\u1eabu m\u00e3 \u0111a d\u1ea1ng ph\u00f9 h\u1ee3p v\u1edbi m\u1ecdi thi\u1ebft k\u1ebf ph\u00f2ng trong c\u0103n nh\u00e0 c\u1ee7a b\u1ea1n.<\/p>\n<p><a class=\"img-popup\" title=\"\" href=\"https:\/\/sieuthimaylanh.com\/uploads\/product\/06_2021\/da-dang-chung-loai.jpg\" rel=\"gallery\"><img decoding=\"async\" src=\"https:\/\/sieuthimaylanh.com\/uploads\/product\/06_2021\/da-dang-chung-loai.jpg\" alt=\"\" \/><\/a><\/p>\n<h2 id=\"C\u1eaft_gi\u1ea3m_chi_ph\u00ed_cho_s\u1ea3n_ph\u1ea9m\">C\u1eaft gi\u1ea3m chi ph\u00ed cho s\u1ea3n ph\u1ea9m<\/h2>\n<p>B\u1ea1n c\u00f3 bi\u1ebft gi\u00e1 c\u1ee7a 5 m\u00e1y c\u1ee5c b\u1ed9 \u0111\u1eaft h\u01a1n 1 h\u1ec7 th\u1ed1ng Multi Split? So v\u1edbi gi\u00e1 m\u00e1y c\u1ee5c b\u1ed9, vi\u1ec7c s\u1eed d\u1ee5ng h\u1ec7 th\u1ed1ng Multi Split s\u1ebd gi\u00fap ti\u1ebft ki\u1ec7m \u0111\u1ebfn 15% chi ph\u00ed.<\/p>\n<p><a class=\"img-popup\" title=\"\" href=\"https:\/\/sieuthimaylanh.com\/uploads\/product\/06_2021\/cat-giam-chi-phi.jpg\" rel=\"gallery\"><img decoding=\"async\" src=\"https:\/\/sieuthimaylanh.com\/uploads\/product\/06_2021\/cat-giam-chi-phi.jpg\" alt=\"\" \/><\/a><\/p>\n<h2 id=\"Ti\u1ebft_ki\u1ec7m_kh\u00f4ng_gian\">Ti\u1ebft ki\u1ec7m kh\u00f4ng gian<\/h2>\n<ul>\n<li>Kh\u00f4ng c\u1ea7n nhi\u1ec1u d\u00e0n n\u00f3ng.<\/li>\n<li>M\u1ed9t d\u00e0n n\u00f3ng c\u00f3 th\u1ec3 k\u1ebft n\u1ed1i v\u1edbi t\u1ea5t c\u1ea3 c\u00e1c d\u00e0n l\u1ea1nh.<\/li>\n<li>Multi Split gi\u00fap b\u1ea1n d\u1ec5 d\u00e0ng t\u1ed1i \u01b0u h\u00f3a kh\u00f4ng gian c\u1ee7a m\u00ecnh.<\/li>\n<\/ul>\n<p><a class=\"img-popup\" title=\"\" href=\"https:\/\/sieuthimaylanh.com\/uploads\/product\/06_2021\/tiet-kiem-khong-gian.jpg\" rel=\"gallery\"><img decoding=\"async\" src=\"https:\/\/sieuthimaylanh.com\/uploads\/product\/06_2021\/tiet-kiem-khong-gian.jpg\" alt=\"\" \/><\/a><\/p>\n<h2 id=\"C\u00e1c_t\u00ednh_n\u0103ng_ch\u00ednh\">C\u00e1c t\u00ednh n\u0103ng ch\u00ednh<\/h2>\n<ul>\n<li>C\u00f4ng ngh\u1ec7 m\u00e1y n\u00e9n bi\u1ebfn t\u1ea7n.<\/li>\n<li>Ti\u1ebft ki\u1ec7m \u0111i\u1ec7n n\u0103ng.<\/li>\n<li>\u0110\u1ed9 \u1ed3n th\u1ea5p<\/li>\n<\/ul>\n<p><a class=\"img-popup\" title=\"\" href=\"https:\/\/sieuthimaylanh.com\/uploads\/product\/06_2021\/cong-nghe-may-nen-bien-tan.jpg\" rel=\"gallery\"><img decoding=\"async\" src=\"https:\/\/sieuthimaylanh.com\/uploads\/product\/06_2021\/cong-nghe-may-nen-bien-tan.jpg\" alt=\"\" \/><\/a><\/p>\n<h2 id=\"Th\u00f4ng_s\u1ed1_k\u1ef9_thu\u1eadt\">Th\u00f4ng s\u1ed1 k\u1ef9 thu\u1eadt<\/h2>\n<p><a class=\"img-popup\" title=\"\" href=\"https:\/\/sieuthimaylanh.com\/uploads\/product\/06_2021\/thong-so-amnq09gl1a0-inverter.jpg\" rel=\"gallery\"><img decoding=\"async\" src=\"https:\/\/sieuthimaylanh.com\/uploads\/product\/06_2021\/thong-so-amnq09gl1a0-inverter.jpg\" alt=\"\" \/><\/a><\/p>\n","protected":false},"excerpt":{"rendered":"<table class=\"table-digitals\">\n<tbody>\n<tr class=\"row-title\">\n<td colspan=\"2\"><strong class=\"row0\">Th\u00f4ng s\u1ed1 k\u1ef9 thu\u1eadt<\/strong><\/td>\n<\/tr>\n<tr class=\"row-item\">\n<td class=\"row0\">Xu\u1ea5t x\u1ee9<\/td>\n<td class=\"row1\">Th\u01b0\u01a1ng hi\u1ec7u : H\u00e0n Qu\u1ed1c &#8211; S\u1ea3n xu\u1ea5t t\u1ea1i : Th\u00e1i Lan<\/td>\n<\/tr>\n<tr class=\"row-item\">\n<td class=\"row0\">Lo\u1ea1i Gas l\u1ea1nh<\/td>\n<td class=\"row1\">R-410A<\/td>\n<\/tr>\n<tr class=\"row-item\">\n<td class=\"row0\">Lo\u1ea1i m\u00e1y<\/td>\n<td class=\"row1\">Inverter (ti\u1ebft ki\u1ec7m \u0111i\u1ec7n)<\/td>\n<\/tr>\n<tr class=\"row-item\">\n<td class=\"row0\">C\u00f4ng su\u1ea5t l\u00e0m l\u1ea1nh<\/td>\n<td class=\"row1\">1.0 Hp (1.0 Ng\u1ef1a) &#8211; 8.500 Btu\/h<\/td>\n<\/tr>\n<tr class=\"row-item\">\n<td class=\"row0\">S\u1eed d\u1ee5ng cho ph\u00f2ng<\/td>\n<td class=\"row1\">Di\u1ec7n t\u00edch 12 &#8211; 15 m\u00b2 ho\u1eb7c 36 &#8211; 45 m\u00b3 kh\u00ed (th\u00edch h\u1ee3p cho ph\u00f2ng kh\u00e1ch v\u0103n ph\u00f2ng)<\/td>\n<\/tr>\n<tr class=\"row-item\">\n<td class=\"row0\">Ngu\u1ed3n \u0111i\u1ec7n (Ph\/V\/Hz)<\/td>\n<td class=\"row1\">1 Pha 220 &#8211; 240 V 50Hz<\/td>\n<\/tr>\n<tr class=\"row-item\">\n<td class=\"row0\">K\u00edch th\u01b0\u1edbc \u1ed1ng \u0111\u1ed3ng Gas (mm)<\/td>\n<td class=\"row1\">6.35 \/ 9.52<\/td>\n<\/tr>\n<tr class=\"row-item\">\n<td class=\"row0\">K\u00edch th\u01b0\u1edbc (C x R x S)<\/td>\n<td class=\"row1\">190 \u00d7 700 \u00d7 700 mm<\/td>\n<\/tr>\n<tr class=\"row-item\">\n<td class=\"row0\">Kh\u1ed1i l\u01b0\u1ee3ng<\/td>\n<td class=\"row1\">17.5 kg<\/td>\n<\/tr>\n<\/tbody>\n<\/table>\n","protected":false},"featured_media":1124,"comment_status":"open","ping_status":"closed","template":"","meta":{"wprm-recipe-roundup-name":"","wprm-recipe-roundup-description":""},"product_brand":[],"product_cat":[157],"product_tag":[166],"class_list":{"0":"post-1123","1":"product","2":"type-product","3":"status-publish","4":"has-post-thumbnail","6":"thuong-hieu-lg","7":"product_cat-may-lanh-multi-split","8":"product_tag-bao-hanh-12-thang","9":"pa_cong-nghe-inverter","10":"pa_cong-suat-lam-lanh-1-hp","12":"first","13":"instock","14":"sale","15":"taxable","16":"shipping-taxable","17":"purchasable","18":"product-type-simple"},"_links":{"self":[{"href":"https:\/\/maylanhlamhoanglong.com\/index.php?rest_route=\/wp\/v2\/product\/1123","targetHints":{"allow":["GET"]}}],"collection":[{"href":"https:\/\/maylanhlamhoanglong.com\/index.php?rest_route=\/wp\/v2\/product"}],"about":[{"href":"https:\/\/maylanhlamhoanglong.com\/index.php?rest_route=\/wp\/v2\/types\/product"}],"replies":[{"embeddable":true,"href":"https:\/\/maylanhlamhoanglong.com\/index.php?rest_route=%2Fwp%2Fv2%2Fcomments&post=1123"}],"wp:featuredmedia":[{"embeddable":true,"href":"https:\/\/maylanhlamhoanglong.com\/index.php?rest_route=\/wp\/v2\/media\/1124"}],"wp:attachment":[{"href":"https:\/\/maylanhlamhoanglong.com\/index.php?rest_route=%2Fwp%2Fv2%2Fmedia&parent=1123"}],"wp:term":[{"taxonomy":"product_brand","embeddable":true,"href":"https:\/\/maylanhlamhoanglong.com\/index.php?rest_route=%2Fwp%2Fv2%2Fproduct_brand&post=1123"},{"taxonomy":"product_cat","embeddable":true,"href":"https:\/\/maylanhlamhoanglong.com\/index.php?rest_route=%2Fwp%2Fv2%2Fproduct_cat&post=1123"},{"taxonomy":"product_tag","embeddable":true,"href":"https:\/\/maylanhlamhoanglong.com\/index.php?rest_route=%2Fwp%2Fv2%2Fproduct_tag&post=1123"}],"curies":[{"name":"wp","href":"https:\/\/api.w.org\/{rel}","templated":true}]}}