{"id":1031,"date":"2025-03-07T10:55:50","date_gmt":"2025-03-07T03:55:50","guid":{"rendered":"https:\/\/maylanhlamhoanglong.com\/?post_type=product&#038;p=1031"},"modified":"2025-03-07T10:55:50","modified_gmt":"2025-03-07T03:55:50","slug":"may-lanh-lg-inverter-2hp-v18win1-co-wifi","status":"publish","type":"product","link":"https:\/\/maylanhlamhoanglong.com\/?product=may-lanh-lg-inverter-2hp-v18win1-co-wifi","title":{"rendered":"M\u00e1y l\u1ea1nh LG inverter 2hp V18WIN1 c\u00f3 WIFI"},"content":{"rendered":"<p><strong>M\u00e1y l\u1ea1nh LG Inverter 2.0HP V18WIN1 model 2024<\/strong>\u00a0s\u1edf h\u1eefu ngo\u1ea1i h\u00ecnh t\u1ed1i gi\u1ea3n, giao di\u1ec7n hi\u1ec7n \u0111\u1ea1i ph\u00f9 h\u1ee3p v\u1edbi m\u1ecdi kh\u00f4ng gian. Ngo\u00e0i ra, m\u00e1y l\u1ea1nh<strong>\u00a0<\/strong>c\u00f2n \u0111\u01b0\u1ee3c trang b\u1ecb\u00a0<strong>3 c\u00f4ng ngh\u1ec7 \u0111\u1ed9c quy\u1ec1n<\/strong>\u00a0\u0111\u1ebfn t\u1eeb LG, kh\u00f4ng nh\u1eefng v\u1eadn h\u00e0nh hi\u1ec7u qu\u1ea3, l\u00e0m l\u1ea1nh nhanh ch\u00f3ng, ghi \u0111i\u1ec3m c\u00f9ng kh\u1ea3 n\u0103ng ti\u1ebft ki\u1ec7m \u0111i\u1ec7n n\u0103ng m\u00e0 c\u00f2n t\u1ea1o ngu\u1ed3n kh\u00ed s\u1ea1ch trong l\u00e0nh cho gia \u0111\u00ecnh.<\/p>\n<ol>\n<li><strong>T\u00ednh n\u0103ng kW manager<\/strong>: S\u1eed d\u1ee5ng\u00a0<em>Deep Learning<\/em>\u00a0l\u00e0 m\u1ed9t ph\u01b0\u01a1ng ph\u00e1p h\u1ecdc m\u00e1y trong<em>\u00a0l\u0129nh v\u1ef1c tr\u00ed tu\u1ec7 nh\u00e2n t\u1ea1o (AI)<\/em>\u00a0d\u1ef1a tr\u00ean th\u00f4ng tin v\u1ec1 m\u1ee5c ti\u00eau \u0111i\u1ec7n n\u0103ng v\u00e0 th\u1eddi gian c\u1ee7a kh\u00e1ch h\u00e0ng t\u1ef1 \u0111\u1ed9ng thi\u1ebft l\u1eadp c\u00e1c giai \u0111o\u1ea1n ho\u1ea1t \u0111\u1ed9ng ti\u1ebft ki\u1ec7m n\u0103ng l\u01b0\u1ee3ng ph\u00f9 h\u1ee3p v\u1edbi \u0111i\u1ec1u ki\u1ec7n \u0111i\u1ec7n n\u0103ng c\u00f2n l\u1ea1i th\u00f4ng qua m\u00e1y ch\u1ee7 ThinQ.<\/li>\n<li><strong>T\u00ednh n\u0103ng Freeze Cleaning\u00a0<\/strong>v\u1edbi\u00a0<em>4 b\u01b0\u1edbc t\u1ef1 l\u00e0m s\u1ea1ch gi\u00fap lo\u1ea1i b\u1ecf 99% vi khu\u1ea9n c\u00f2n s\u00f3t l\u1ea1i tr\u00ean d\u00e0n l\u1ea1nh<\/em>, gi\u1eef cho thi\u1ebft b\u1ecb lu\u00f4n s\u1ea1ch s\u1ebd.<\/li>\n<li><strong>B\u1ed9 l\u1ecdc PM 2.5<\/strong>: S\u1eed d\u1ee5ng s\u00f3ng t\u0129nh \u0111i\u1ec7n lo\u1ea1i\u00a0<em>b\u1ecf h\u01a1n 90% nh\u1eefng h\u1ea1t b\u1ee5i m\u1ecbn PM 2.5 ch\u1ec9 trong 275 ph\u00fat\u00a0<\/em>trong kh\u00f4ng kh\u00ed cho kh\u00f4ng gian s\u1ed1ng c\u1ee7a gia \u0111\u00ecnh th\u00eam trong l\u00e0nh, tinh khi\u1ebft h\u01a1n.<\/li>\n<\/ol>\n<p><a class=\"img-popup\" title=\"\" href=\"https:\/\/sieuthimaylanh.com\/uploads\/product\/01_2024\/may-lanh-lg-inverter-1-hp-v10win1-model-2024-tinh-nang.jpg\" rel=\"gallery\"><img decoding=\"async\" src=\"https:\/\/sieuthimaylanh.com\/uploads\/product\/01_2024\/may-lanh-lg-inverter-1-hp-v10win1-model-2024-tinh-nang.jpg\" alt=\"\" \/><\/a><\/p>\n<h4>M\u1ed9t s\u1ed1 \u0111\u1eb7t \u0111i\u1ec3m n\u1ed5i b\u1eadt kh\u00e1c c\u1ee7a m\u00e1y l\u1ea1nh LG Inverter 2.0HP V18WIN1 model 2024<\/h4>\n<p>&#8211;\u00a0<strong>C\u00f4ng su\u1ea5t l\u00e0m l\u1ea1nh 17.000 Btu\/h<\/strong>\u00a0ph\u00f9 h\u1ee3p cho nh\u1eefng kh\u00f4ng gian nh\u01b0 ph\u00f2ng ng\u1ee7, ph\u00f2ng kh\u00e1ch, ph\u00f2ng h\u1ecdp nh\u1ecf,&#8230; 24 &#8211; 30 m\u00b2.<\/p>\n<p><strong>&#8211;<\/strong>\u00a0<strong>C\u00f4ng ngh\u1ec7 Dual Inverter<\/strong>\u00a0l\u00e0m l\u1ea1nh \u1ed5n \u0111\u1ecbnh,\u00a0<em>gi\u1ea3m rung l\u1eafc \u0111\u1ebfn 80%<\/em>,\u00a0<em>ti\u1ebft ki\u1ec7m l\u00ean t\u1edbi 70% n\u0103ng l\u01b0\u1ee3ng ti\u00eau th\u1ee5 ch\u1ec9 1.84<\/em><em>\u00a0kW\/h<\/em>. Nh\u00e3n n\u0103ng l\u01b0\u1ee3ng:\u00a0<em>5 sao (Hi\u1ec7u su\u1ea5t n\u0103ng l\u01b0\u1ee3ng 4.49)<\/em><\/p>\n<p><strong>&#8211; Ch\u1ebf \u0111\u1ed9 ki\u1ec3m so\u00e1t n\u0103ng l\u01b0\u1ee3ng ch\u1ee7 \u0111\u1ed9ng Energy Ctrl<\/strong>\u00a0cung c\u1ea5p\u00a0<em>4 m\u1ee9c t\u00f9y ch\u1ecdn c\u00f4ng su\u1ea5t ti\u00eau th\u1ee5 l\u00e0 100%, 80%, 60% v\u00e0 40%\u00a0<\/em>h\u1ea1n ch\u1ebf hao ph\u00ed \u0111i\u1ec7n n\u0103ng t\u1ed1i \u01b0u.<\/p>\n<p><strong>&#8211; C\u00f4ng ngh\u1ec7 Jet Cool\u00a0<\/strong>cho m\u00e1y ch\u1ea1y v\u1edbi t\u1ed1c \u0111\u1ed9 qu\u1ea1t m\u1ea1nh nh\u1ea5t v\u00e0 h\u1ea1 nhi\u1ec7t \u0111\u1ed9 xu\u1ed1ng 5\u00b0C trong v\u00f2ng 3 ph\u00fat.<\/p>\n<p><a class=\"img-popup\" title=\"\" href=\"https:\/\/sieuthimaylanh.com\/uploads\/product\/01_2024\/may-lanh-lg-inverter-1-hp-v10win1-model-2024-uu-diem.jpg\" rel=\"gallery\"><img decoding=\"async\" src=\"https:\/\/sieuthimaylanh.com\/uploads\/product\/01_2024\/may-lanh-lg-inverter-1-hp-v10win1-model-2024-uu-diem.jpg\" alt=\"\" \/><\/a><\/p>\n<p><strong>&#8211; Ch\u1ebf \u0111\u1ed9 gi\u00f3 \u0111i\u1ec1u khi\u1ec3n l\u00ean xu\u1ed1ng t\u1ef1 \u0111\u1ed9ng, tr\u00e1i ph\u1ea3i<\/strong>\u00a0t\u00f9y ch\u1ec9nh tay ph\u00e2n t\u00e1n kh\u00ed m\u00e1t tr\u1ea3i r\u1ed9ng trong ph\u00f2ng.<\/p>\n<p><strong>&#8211; \u0110i\u1ec1u khi\u1ec3n b\u1eb1ng \u0111i\u1ec7n tho\u1ea1i c\u00f3 wifi\u00a0<\/strong>li\u00ean k\u1ebft thi\u1ebft b\u1ecb v\u00e0 \u0111i\u1ec1u khi\u1ec3n t\u1eeb xa qua \u1ee9ng d\u1ee5ng LG SmartThinQ.<\/p>\n<p><strong>&#8211; Ch\u1ebf \u0111\u1ed9 ng\u1ee7 \u0111\u00eam<\/strong>\u00a0t\u1ef1 t\u0103ng nhi\u1ec7t \u0111\u1ed9 theo th\u00e2n nhi\u1ec7t khi ng\u1ee7, h\u1ea1n ch\u1ebf l\u00e0m ng\u01b0\u1eddi d\u00f9ng b\u1ecb s\u1ed1c nhi\u1ec7t.<\/p>\n<p><a class=\"img-popup\" title=\"\" href=\"https:\/\/sieuthimaylanh.com\/uploads\/product\/01_2024\/may-lanh-lg-inverter-1-hp-v10win1-model-2024-ud.jpg\" rel=\"gallery\"><img decoding=\"async\" src=\"https:\/\/sieuthimaylanh.com\/uploads\/product\/01_2024\/may-lanh-lg-inverter-1-hp-v10win1-model-2024-ud.jpg\" alt=\"\" \/><\/a><\/p>\n","protected":false},"excerpt":{"rendered":"<ul>\n<li>Ti\u1ebft ki\u1ec7m \u0111i\u1ec7n n\u0103ng v\u1edbi c\u00f4ng ngh\u1ec7 Dual inverter v\u00e0 Energy Ctrl &#8211; Ki\u1ec3m so\u00e1t n\u0103ng l\u01b0\u1ee3ng ch\u1ee7 \u0111\u1ed9ng 4 m\u1ee9c.<\/li>\n<li>L\u00e0m l\u1ea1nh nhanh v\u00e0 s\u00e2u v\u1edbi c\u00f4ng ngh\u1ec7 Jet Cool.<\/li>\n<li>B\u1ed9 l\u1ecdc PM 2.5 gi\u00fap l\u1ecdc b\u1ee5i, kh\u00e1ng khu\u1ea9n, kh\u1eed m\u00f9i hi\u1ec7u qu\u1ea3.<\/li>\n<li>Ti\u1ebft ki\u1ec7m th\u1eddi gian, chi ph\u00ed s\u1eeda ch\u1eefa nh\u1edd ch\u1ee9c n\u0103ng t\u1ef1 ch\u1ea9n \u0111o\u00e1n l\u1ed7i.<\/li>\n<li>Ch\u1ee9c n\u0103ng th\u1ed5i gi\u00f3 d\u1ec5 ch\u1ecbu cho ng\u01b0\u1eddi gi\u00e0 v\u00e0 tr\u1ebb em.<\/li>\n<li>S\u1ea3n xu\u1ea5t t\u1ea1i Th\u00e1i Lan<\/li>\n<li>B\u1ea3o h\u00e0nh m\u00e1y n\u00e9n 10 n\u0103m<\/li>\n<li>\n<table class=\"table-digitals\">\n<tbody>\n<tr class=\"row-title\">\n<td colspan=\"2\"><strong class=\"row0\">Th\u00f4ng s\u1ed1 k\u1ef9 thu\u1eadt<\/strong><\/td>\n<\/tr>\n<tr class=\"row-item\">\n<td class=\"row0\">Xu\u1ea5t x\u1ee9<\/td>\n<td class=\"row1\">Th\u00e1i Lan<\/td>\n<\/tr>\n<tr class=\"row-item\">\n<td class=\"row0\">Lo\u1ea1i Gas l\u1ea1nh<\/td>\n<td class=\"row1\">R32<\/td>\n<\/tr>\n<tr class=\"row-item\">\n<td class=\"row0\">Lo\u1ea1i m\u00e1y<\/td>\n<td class=\"row1\">Inverter &#8211; Lo\u1ea1i 1 chi\u1ec1u l\u1ea1nh (ch\u1ec9 l\u00e0m l\u1ea1nh)<\/td>\n<\/tr>\n<tr class=\"row-item\">\n<td class=\"row0\">C\u00f4ng su\u1ea5t l\u00e0m l\u1ea1nh<\/td>\n<td class=\"row1\">2.0 HP (2.0 Ng\u1ef1a) &#8211; 17.000 Btu\/h &#8211; 4.98 kW<\/td>\n<\/tr>\n<tr class=\"row-item\">\n<td class=\"row0\">S\u1eed d\u1ee5ng cho ph\u00f2ng<\/td>\n<td class=\"row1\">Di\u1ec7n t\u00edch 24 &#8211; 30 m\u00b2 ho\u1eb7c 72 &#8211; 90 m\u00b3 kh\u00ed (th\u00edch h\u1ee3p cho ph\u00f2ng kh\u00e1ch, v\u0103n ph\u00f2ng)<\/td>\n<\/tr>\n<tr class=\"row-item\">\n<td class=\"row0\">Ngu\u1ed3n \u0111i\u1ec7n (Ph\/V\/Hz)<\/td>\n<td class=\"row1\">1 Pha, 220 &#8211; 240 V, 50Hz<\/td>\n<\/tr>\n<tr class=\"row-item\">\n<td class=\"row0\">C\u00f4ng su\u1ea5t ti\u00eau th\u1ee5 \u0111i\u1ec7n<\/td>\n<td class=\"row1\">1.84 kW\/h<\/td>\n<\/tr>\n<tr class=\"row-item\">\n<td class=\"row0\">K\u00edch th\u01b0\u1edbc \u1ed1ng \u0111\u1ed3ng Gas (mm)<\/td>\n<td class=\"row1\">6.35 \/ 9.52<\/td>\n<\/tr>\n<tr class=\"row-item\">\n<td class=\"row0\">Chi\u1ec1u d\u00e0i \u1ed1ng gas t\u1ed1i \u0111a (m)<\/td>\n<td class=\"row1\">20m<\/td>\n<\/tr>\n<tr class=\"row-item\">\n<td class=\"row0\">Ch\u00eanh l\u1ec7ch \u0111\u1ed9 cao (t\u1ed1i \u0111a) (m)<\/td>\n<td class=\"row1\">15m<\/td>\n<\/tr>\n<tr class=\"row-item\">\n<td class=\"row0\">Hi\u1ec7u su\u1ea5t n\u0103ng l\u01b0\u1ee3ng CSPF<\/td>\n<td class=\"row1\">4.49<\/td>\n<\/tr>\n<tr class=\"row-item\">\n<td class=\"row0\">Nh\u00e3n n\u0103ng l\u01b0\u1ee3ng ti\u1ebft ki\u1ec7m \u0111i\u1ec7n<\/td>\n<td class=\"row1\">5 sao<\/td>\n<\/tr>\n<tr class=\"row-title\">\n<td colspan=\"2\"><strong class=\"row0\">D\u00e0n L\u1ea1nh<\/strong><\/td>\n<\/tr>\n<tr class=\"row-item\">\n<td class=\"row0\">Model d\u00e0n l\u1ea1nh<\/td>\n<td class=\"row1\">V18WIN1N<\/td>\n<\/tr>\n<tr class=\"row-item\">\n<td class=\"row0\">K\u00edch th\u01b0\u1edbc d\u00e0n l\u1ea1nh (mm)<\/td>\n<td class=\"row1\">308 x 837 x 189 mm<\/td>\n<\/tr>\n<tr class=\"row-item\">\n<td class=\"row0\">Tr\u1ecdng l\u01b0\u1ee3ng d\u00e0n l\u1ea1nh (Kg)<\/td>\n<td class=\"row1\">8.4 Kg<\/td>\n<\/tr>\n<tr class=\"row-title\">\n<td colspan=\"2\"><strong class=\"row0\">D\u00e0n N\u00f3ng<\/strong><\/td>\n<\/tr>\n<tr class=\"row-item\">\n<td class=\"row0\">Model d\u00e0n n\u00f3ng<\/td>\n<td class=\"row1\">V18WIN1U<\/td>\n<\/tr>\n<tr class=\"row-item\">\n<td class=\"row0\">K\u00edch th\u01b0\u1edbc d\u00e0n n\u00f3ng (mm)<\/td>\n<td class=\"row1\">545 x 770 x 288 mm<\/td>\n<\/tr>\n<tr class=\"row-item\">\n<td class=\"row0\">Tr\u1ecdng l\u01b0\u1ee3ng d\u00e0n n\u00f3ng (Kg)<\/td>\n<td class=\"row1\">27.5 Kg<\/td>\n<\/tr>\n<\/tbody>\n<\/table>\n<\/li>\n<\/ul>\n","protected":false},"featured_media":1030,"comment_status":"open","ping_status":"closed","template":"","meta":{"wprm-recipe-roundup-name":"","wprm-recipe-roundup-description":""},"product_brand":[],"product_cat":[115],"product_tag":[],"class_list":{"0":"post-1031","1":"product","2":"type-product","3":"status-publish","4":"has-post-thumbnail","6":"thuong-hieu-lg","7":"product_cat-may-lanh-treo-tuong","8":"pa_cong-nghe-inverter","9":"pa_cong-suat-lam-lanh-2-0-hp","11":"first","12":"instock","13":"sale","14":"taxable","15":"shipping-taxable","16":"purchasable","17":"product-type-simple"},"_links":{"self":[{"href":"https:\/\/maylanhlamhoanglong.com\/index.php?rest_route=\/wp\/v2\/product\/1031","targetHints":{"allow":["GET"]}}],"collection":[{"href":"https:\/\/maylanhlamhoanglong.com\/index.php?rest_route=\/wp\/v2\/product"}],"about":[{"href":"https:\/\/maylanhlamhoanglong.com\/index.php?rest_route=\/wp\/v2\/types\/product"}],"replies":[{"embeddable":true,"href":"https:\/\/maylanhlamhoanglong.com\/index.php?rest_route=%2Fwp%2Fv2%2Fcomments&post=1031"}],"wp:featuredmedia":[{"embeddable":true,"href":"https:\/\/maylanhlamhoanglong.com\/index.php?rest_route=\/wp\/v2\/media\/1030"}],"wp:attachment":[{"href":"https:\/\/maylanhlamhoanglong.com\/index.php?rest_route=%2Fwp%2Fv2%2Fmedia&parent=1031"}],"wp:term":[{"taxonomy":"product_brand","embeddable":true,"href":"https:\/\/maylanhlamhoanglong.com\/index.php?rest_route=%2Fwp%2Fv2%2Fproduct_brand&post=1031"},{"taxonomy":"product_cat","embeddable":true,"href":"https:\/\/maylanhlamhoanglong.com\/index.php?rest_route=%2Fwp%2Fv2%2Fproduct_cat&post=1031"},{"taxonomy":"product_tag","embeddable":true,"href":"https:\/\/maylanhlamhoanglong.com\/index.php?rest_route=%2Fwp%2Fv2%2Fproduct_tag&post=1031"}],"curies":[{"name":"wp","href":"https:\/\/api.w.org\/{rel}","templated":true}]}}